{"text_format":"1","workbook":"xlsx","n_sheets":4,"sheets":["Data Sheet","Data","Fluid Table","Conversions"],"not_rendered":{"charts":0,"images":2,"macros":1,"external_links":2,"defined_names":208,"comments":0,"pivot_tables":0},"unopened":[],"bounds":{"document_bytes":16777216,"sheet_cells":100000,"rows_first":2000,"rows_last":500,"rows_between":2000,"halvings":0,"cell_chars":16384,"cell_head_chars":4096},"cells_cut":0,"cells_raw":0,"read":"whole","date_system":"1900"}

{"sheet":"Data Sheet","index":0,"n_rows":116,"n_cols":9,"rows_kept":116,"cut":false,"hidden":false,"merged":[[115,1,115,6],[84,2,84,3],[85,2,85,3],[86,2,86,3],[87,2,87,3],[84,5,84,6],[85,5,85,6],[86,5,86,6],[87,5,87,6],[112,5,112,6],[99,5,99,6],[100,5,100,6],[101,5,101,6],[102,5,102,6],[89,2,89,3],[94,2,94,3],[95,2,95,3],[90,2,90,3],[93,2,93,3],[92,2,92,3],[91,2,91,3],[101,2,101,3],[100,2,100,3],[96,2,96,3],[97,2,97,3],[113,5,113,6],[110,5,110,6],[111,5,111,6],[82,2,83,3],[82,4,83,4],[82,7,83,7],[88,5,88,6],[89,5,89,6],[90,5,90,6],[91,5,91,6],[92,5,92,6],[93,5,93,6],[103,5,103,6],[104,5,104,6],[105,5,105,6],[106,5,106,6],[107,5,107,6],[108,5,108,6],[109,5,109,6],[94,5,94,6],[95,5,95,6],[96,5,96,6],[97,5,97,6],[98,5,98,6],[43,20,43,21],[43,15,43,16],[52,23,52,24],[50,6,50,7],[31,1,31,2],[31,6,31,7],[33,1,33,2],[79,6,79,7],[73,6,73,7],[74,1,74,2],[75,1,75,2],[75,6,75,7],[76,6,76,7],[77,6,77,7],[78,6,78,7],[76,1,76,2],[77,1,77,2],[78,1,78,2],[77,3,77,5],[78,3,78,5],[77,22,77,24],[78,22,78,24],[82,22,82,24],[7,1,7,4],[8,1,8,4],[9,1,9,4],[10,1,10,4],[11,1,11,4],[12,1,12,4],[13,1,13,4],[14,1,14,4],[15,1,15,4],[2,1,2,5],[54,18,54,19],[36,1,36,2],[36,6,36,7],[37,1,37,2],[41,1,41,2],[43,1,43,2],[41,6,41,7],[42,1,42,2],[42,6,42,7],[43,6,43,7],[32,6,32,7],[34,13,34,14],[49,18,49,19],[44,15,44,16],[10,14,10,15],[10,19,10,20],[11,14,11,15],[11,19,11,20],[12,14,12,15],[12,19,12,20],[26,1,26,4],[29,1,29,2],[29,6,29,7],[81,18,81,19],[80,22,80,24],[81,22,81,24],[51,6,51,7],[54,1,54,2],[54,6,54,7],[55,1,55,2],[55,6,55,7],[56,1,56,2],[57,1,57,2],[56,6,56,7],[61,1,61,2],[64,1,64,2],[65,1,65,2],[53,23,53,24],[78,18,78,19],[79,22,79,24],[54,23,54,24],[53,18,53,19],[52,18,52,19],[49,23,49,24],[46,23,46,24],[47,18,47,19],[47,23,47,24],[48,23,48,24],[51,23,51,24],[50,18,50,19],[51,18,51,19],[50,23,50,24],[48,18,48,19],[113,2,113,3],[73,1,73,2],[69,17,69,19],[70,17,70,19],[71,17,71,19],[72,17,72,19],[112,2,112,3],[110,2,110,3],[111,2,111,3],[107,2,107,3],[108,2,108,3],[109,2,109,3],[102,2,102,3],[103,2,103,3],[104,2,104,3],[105,2,105,3],[106,2,106,3],[79,1,79,2],[79,18,79,19],[80,18,80,19],[69,3,69,5],[98,2,98,3],[99,2,99,3],[88,2,88,3],[82,18,82,19],[82,8,83,8],[82,1,83,1],[79,8,79,10],[73,8,73,10],[22,1,22,4],[24,1,24,4],[25,1,25,4],[23,1,23,4],[69,1,69,2],[70,1,70,2],[70,6,70,7],[58,1,58,2],[58,6,58,7],[53,1,53,2],[46,18,46,19],[60,6,60,7],[61,6,61,7],[77,18,77,19],[39,3,39,4],[46,1,46,2],[47,1,47,2],[48,1,48,2],[82,5,83,6],[16,1,16,4],[17,1,17,4],[18,1,18,4],[19,1,19,4],[20,1,20,4],[21,1,21,4],[64,6,64,7],[68,1,68,2],[68,6,68,7],[30,1,30,2],[30,6,30,7],[32,1,32,2],[59,1,59,9],[33,6,33,7],[60,1,60,2],[49,1,49,2],[50,1,50,2],[57,6,57,7],[53,6,53,7],[49,6,49,7],[46,6,46,7],[47,6,47,7],[48,6,48,7]]}
[]
[]
[]
[]
[null,"Thermon DATA SHEET May 23, 2013 Version 2.0 Rev 1"]
[]
["(a)","PROJECT DATA"]
[null,null,null,null,null,"<- Customer"]
[null,null,null,null,null,"<- Project Name"]
[null,null,null,null,null,"<- Contact Name"]
[null,null,null,null,null,"<- Contact Telephone #"]
[null,null,null,null,null,"<- Contact e-mail"]
[null,null,null,null,null,"<- Customer Reference #"]
[null,null,null,null,null,"<- Quotation Number"]
[null,null,null,null,null,"<- Quote Due Date"]
[null,null,null,null,null,"<- Budgetary or Firm"]
[null,null,null,null,null,"<- What is Destination Area"]
[null,null,null,null,null,{"$f":"IF(B17=Data!E5,\"<- What Province/Territory\",IF(B17=Data!E6,\"<- What State\",\"<- What is the Country\"))","v":"<- What is the Country"}]
[null,null,null,null,null,"<- Code of Construction"]
[null,null,null,null,null,"<- Delivery Date"]
[null,null,null,null,null,"<- INCO Shipping Term"]
[null,null,null,null,null,"<- Description of Shipping"]
[null,null,null,null,null,"<- Price Validity (days)"]
[null,null,null,null,null,"<- Unit of Measure"]
[null,null,null,null,null,"<- Tag No"]
[null,null,null,null,null,"<- Qty"]
[null,null,null,null,null,"<- Fluid Condition"]
[]
["(b)","PROCESS DATA"]
[null,null,null,"<- Process Fluid",null,null,null,null,"<- Flow Rate"]
[null,null,null,"<- Temp, Op",null,null,null,null,"<- Temp, Design"]
[null,null,null,"<- Temp, Op Min",null,null,null,null,"<- Temp, Design Min"]
[null,null,null,"<- Pressure, Op",null,null,null,null,"<- Pressure, Design"]
[null,null,null,"<- Pressure, Op Min",null,null,null,null,"<- Pressure, Design Min"]
[]
["(c)"]
[null,null,null,"<- Particle Size",null,null,null,null,"<- Efficency"]
[null,null,null,{"$f":"IF(G37=\"Nominal\",\"<- Efficency %\",\"\")","v":""}]
[]
["(d)","FLUID PROPERTIES"]
[null,"Liquid Properties",null,null,null,null,{"$f":"IF(B27=\"Liquid\",\"\",\"Gas Properties\")","v":"Gas Properties"}]
[null,null,null,"<-Density @ OP",null,null,null,null,{"$f":"IF(B27=\"Liquid\",\"\",\"<- Compressibility\")","v":"<- Compressibility"}]
[null,null,null,"<- SG",null,null,null,null,{"$f":"IF(B27=\"Liquid\",\"\",\"<- Molecular Wt\")","v":"<- Molecular Wt"}]
[null,null,null,"<-Viscosity @ OP",null,null,null,null,{"$f":"IF(B27=\"Liquid\",\"\",\"<- Gas Specific Gravity\")","v":"<- Gas Specific Gravity"}]
[]
["(e)","VESSEL DATA"]
[null,null,null,"<- Allowable Clean ∆P",null,null,null,null,"<- Allowable Dirty ∆P"]
[null,null,null,"<- Corrosion Shell",null,null,null,null,"<- Corrosion Nozzle"]
[null,null,null,"<- Configuration",null,null,null,null,"<- Support Type"]
[null,null,null,{"$f":"IF(B49=\"Horizontal\",\"<- Left Closure Style\",\"<- Top Closure Style\")","v":"<- Top Closure Style"},null,null,null,null,{"$f":"IF(B49=\"Horizontal\",\"<- Right Closure Style\",\"<- Btm Closure Style\")","v":"<- Btm Closure Style"}]
[null,null,null,{"$f":"IF(B49=\"Horizontal\",\"<- Left Head Lift\",\"<- Top Head Lift\")","v":"<- Top Head Lift"},null,null,null,null,{"$f":"IF(B49=\"Horizontal\",\"<- Right Head Lift\",\"<- Btm Head Lift\")","v":"<- Btm Head Lift"}]
[]
["(f)","MATERIAL DATA"]
[null,null,null,"<- Primary Matl type",null,null,{"$f":"IF(AND(B30=\"\",B54=\"\"),\"\",IF(B54=\"\",VLOOKUP(B30,UnitFluids,7),B54))","v":""},null,"<- Matl type used"]
[null,{"$f":"IF(AND(F55=\"\",$B$54=\"\"),\"\",IF(F55=\"\",VLOOKUP('Data Sheet'!$B$54,UnitASMEMaterial,3),IF(F55=\"User Define\",\"\",F55)))","v":""},null,"<- Shell"]
[null,{"$f":"IF(AND(F56=\"\",$B$54=\"\"),\"\",IF(F56=\"\",VLOOKUP('Data Sheet'!$B$54,UnitASMEMaterial,6),IF(F56=\"User Define\",\"\",F56)))","v":""},null,"<- Nozzles"]
[null,{"$f":"IF(AND(F57=\"\",$B$54=\"\"),\"\",IF(F57=\"\",VLOOKUP('Data Sheet'!$B$54,UnitASMEMaterial,9),IF(F57=\"User Define\",\"\",F57)))","v":""},null,"<- Coupling"]
[null,{"$f":"IF(AND(F58=\"\",$B$54=\"\"),\"\",IF(F58=\"\",VLOOKUP('Data Sheet'!$B$54,UnitASMEMaterial,16),IF(F58=\"User Define\",\"\",F58)))","v":""},null,"<- Bolting"]
[null,{"$f":"IF(AND(F59=\"\",$B$54=\"\"),\"\",IF(F59=\"\",VLOOKUP('Data Sheet'!$B$54,UnitASMEMaterial,18),IF(F59=\"User Define\",\"\",F59)))","v":""},null,"<- Washers"]
[null,"WARNING: If user overwrites yellow cells down load a fresh copy for the next data sheet"]
[null,null,null,{"$f":"IF(B49=\"Horizontal\",\"<- Left Gasket Style\",\"<- Top Gasket Style\")","v":"<- Top Gasket Style"},null,null,null,null,{"$f":"IF(B49=\"Horizontal\",\"<- Right Gasket Style\",\"<- Btm Gasket Style\")","v":"<- Btm Gasket Style"}]
[null,null,null,{"$f":"IF(B49=\"Horizontal\",\"<- Left Gasket Matl\",\"<- Top Gasket Matl\")","v":"<- Top Gasket Matl"},null,null,null,null,{"$f":"IF(B49=\"Horizontal\",\"<- Right Gasket Matl\",\"<- Btm Gasket Matl\")","v":"<- Btm Gasket Matl"}]
[]
["(g)","FINISHES"]
[null,null,null,"<- External",null,null,null,null,"<- Support"]
[null,null,null,"<- Internal"]
[]
["(h)","CODE REQUIREMENTS"]
[null,null,null,"<- Service",null,null,null,null,"<- PWHT"]
[null,null,null,"<- Canadian Registration Number (CRN)"]
[null,null,null,"<- Province(s) of Registration",null,null,null,null,"<- National Board Registration"]
[]
["(i)","TESTING REQUIREMENTS"]
[null,null,null," <- Primary Pressure Test",null,null,null,null,"<- Secondary Pressure Test"]
[null,null,null,"<- Radiography (RT)"]
[null,null,null,"<- Ultrasonic Testing (UT)",null,null,null,null,"<- UT of what Areas"]
[null,null,null,"<- Liquid Penetrant Test (LP)",null,null,null,null,"<- LP of what Areas"]
[null,null,null,"<- Magnetic Partical Testing (MT)",null,null,null,null,"<- MT of what Areas"]
[null,null,null,"<- Positive Matl Identification (PMI)",null,null,null,null,"<- PMI of what Areas"]
[null,null,null,"<- Impact Testing",null,null,null,null,"<- Impact Testing of what Areas"]
[]
["(k)","CONNECTIONS"]
[null,"Mark #","Purpose",null,"Size","Type",null,"Class","Qty"]
[]
[null,"N1"]
[null,"N2"]
[null,"N3"]
[null,"N4"]
[null,"N5"]
[null,"N6"]
[null,"N7"]
[null,"N8"]
[null,"N9"]
[null,"N10"]
[null,"N11"]
[null,"N12"]
[null,"N13"]
[null,"N14"]
[null,"N15"]
[null,"N16"]
[null,"N17"]
[null,"N18"]
[null,"N19"]
[null,"N20"]
[null,"N21"]
[null,"N22"]
[null,"N23"]
[null,"N24"]
[null,"N25"]
[null,"N26"]
[null,"N27"]
[null,"N28"]
[null,"N29"]
[null,"N30"]
[]
[null,"Please click here to e-mail to Thermon mailto:ths.info@thermon.com"]

{"sheet":"Data","index":1,"n_rows":246,"n_cols":33,"rows_kept":246,"cut":false,"hidden":true,"merged":[]}
[]
[]
[]
[null,"Table:DestinationState","Table:DestinationProvience","Table:DestinationCountry","Table: DestinationArea","Table:CodeofFab",null,"Table:ShippingTerm"]
[null,"Alabama "," Alberta","Afghanistan","Canada","ASME Sect. VIII, Div.1",null,"CFR","COST AND FREIGHT"]
[null,"Alaska"," British Columbia","Albania","USA","ASME Sect. VIII, Div.1+BPE-2007",null,"CIF","COST, INSURANCE AND FREIGHT"]
[null,"Arizona"," Manitoba","Algeria","International","ASME Sect. III, Sub NB (Class 1)",null,"CIP","CARRIAGE AND INSURANCE PAID TO"]
[null,"Arkansas"," New Brunswick","American Samoa",null,"ASME Sect. III, Sub NC (Class 2)",null,"CPT","CARRIAGE PAID TO"]
[null,"California"," Newfoundland and Labrador","Andorra",null,"ASME Sect. III, Sub ND (Class 3)",null,"DAF","DELIVERED AT FRONTIER"]
[null,"Colorado"," Northwest Territories","Angola",null,"ASME B31.1",null,"DDP","DELIVERED DUTY PAID"]
[null,"Connecticut"," Nova Scotia","Anguilla",null,"ASME B31.3",null,"DDU","DELIVERED DUTY UNPAID"]
[null,"Delaware"," Nunavut","Antarctica",null,"CSA N285.0 CL-1 (SEC III CL-1)",null,"DEQ","DELIVERED EX QUAY"]
[null,"Florida"," Ontario","Antigua and Barbuda",null,"CSA N285.0 CL-2 (SEC III CL-2)",null,"DES","DELIVERED EX SHIP"]
[null,"Georgia"," Prince Edward Island","Argentina",null,"CSA N285.0 CL-3 (SEC III CL-3)",null,"EXW","EX WORKS"]
[null,"Hawaii"," Quebec","Armenia",null,"Non-Code",null,"FAS","FREE ALONGSIDE SHIP"]
[null,"Idaho"," Saskatchewan","Aruba",null,null,null,"FCA","FREE CARRIER"]
[null,"Illinois"," Yukon","Bahamas",null,null,null,"FOB","FREE ON BOARD"]
[null,"Indiana",null,"Bahrain"]
[null,"Iowa",null,"Bangladesh"]
[null,"Kansas",null,"Barbados"]
[null,"Kentucky",null,"Belarus"]
[null,"Louisiana",null,"Belgium",null,"Table:UnitsFlowRate",null,"Table:CalcFlowRate",null,null,"Table:UnitsTemp"]
[null,"Maine",null,"Belize",null,"gallon/min",null,"Ref","Value",null,"ºF"]
[null,"Maryland",null,"Benin, Republic of",null,"foot3/h",null,"BPD",2.9163000000000001E-2,null,"ºC"]
[null,"Massachusetts",null,"Bermuda",null,"liter/h",null,"foot3/h",0.1246753,null,"ºK"]
[null,"Michigan",null,"Bhutan",null,"liter/min",null,"foot3/min",7.4805190000000001,null,"ºR"]
[null,"Minnesota",null,"Bolivia",null,"foot3/min",null,"foot3/sec",448.83120000000002]
[null,"Mississippi",null,"Bosnia and Herzegovina",null,"foot3/sec",null,"gallon/day",6.9444440000000004E-4]
[null,"Missouri",null,"Botswana",null,"gallon/day",null,"gallon/h",1.6666670000000001E-2,null,"Table:CalcTempOP",null,null,"Table:CalcTempDesign"]
[null,"Montana",null,"Brazil",null,"gallon/h",null,"gallon/min",1,null,"Ref","Value",null,"Ref","Value"]
[null,"Nebraska",null,"British Virgin Islands",null,"gallon/sec",null,"gallon/sec",60,null,"ºC",{"$f":"'Data Sheet'!B31*(9/5)+32","v":32},null,"ºC",{"$f":"'Data Sheet'!G31*(9/5)+32","v":32}]
[null,"Nevada",null,"Brunei",null,"liter/sec",null,"liter/h",4.4028679999999999E-3,null,"ºF",{"$f":"'Data Sheet'!B31","v":0},null,"ºF",{"$f":"'Data Sheet'!G31","v":0}]
[null,"New Hampshire",null,"Bulgaria",null,"m3/day",null,"liter/min",0.26417210000000002,null,"ºK",{"$f":"('Data Sheet'!B31-273)*(9/5)+32","v":-459.40000000000003},null,"ºK",{"$f":"('Data Sheet'!G31-273)*(9/5)+32","v":-459.40000000000003}]
[null,"New Jersey",null,"Burkina Faso",null,"m3/h",null,"liter/sec",15.85032,null,"ºR",{"$f":"'Data Sheet'!B31- 459.67","v":-459.67},null,"ºR",{"$f":"'Data Sheet'!G31- 459.67","v":-459.67}]
[null,"New Mexico",null,"Burundi",null,"m3/min",null,"m3/day",0.1834528]
[null,"New York",null,"Cambodia",null,"m3/sec",null,"m3/h",4.4028679999999998,null,"Table:CalcTempOPMin",null,null,"Table:CalcTempDesignMin"]
[null,"North Carolina",null,"Cameroon",null,"BPD",null,"m3/min",264.1721,null,"Ref","Value",null,"Ref","Value"]
[null,"North Dakota",null,"Canada",null,"MMSCFD@14.7psi@60°F",null,"m3/sec",15850.32,null,"ºC",{"$f":"'Data Sheet'!B32*(9/5)+32","v":32},null,"ºC",{"$f":"'Data Sheet'!G32*(9/5)+32","v":32}]
[null,"Ohio",null,"Cape Verde Islands",null,"Sm3/h",null,"MMSCFD@14.7psi@60°F",0,null,"ºF",{"$f":"'Data Sheet'!B32","v":0},null,"ºF",{"$f":"'Data Sheet'!G32","v":0}]
[null,"Oklahoma",null,"Cayman Islands",null,"Nm3/h",null,"Sm3/h",0,null,"ºK",{"$f":"('Data Sheet'!B32-273)*(9/5)+32","v":-459.40000000000003},null,"ºK",{"$f":"('Data Sheet'!G32-273)*(9/5)+32","v":-459.40000000000003}]
[null,"Oregon",null,"Central African Rep",null,null,null,"Nm3/h",0,null,"ºR",{"$f":"'Data Sheet'!B32- 459.67","v":-459.67},null,"ºR",{"$f":"'Data Sheet'!G32- 459.67","v":-459.67}]
[null,"Pennsylvania",null,"Chad Republic",null,null,null,"Highlighted does not convert yet"]
[null,"Rhode Island",null,"Chatham Island, NZ",null,null,null,null,null,null,"Table:UnitPressure"]
[null,"South Carolina",null,"Chile",null,null,null,null,null,null,"Atm"]
[null,"South Dakota",null,"China",null,null,null,null,null,null,"bar"]
[null,"Tennessee",null,"Christmas Island",null,null,null,null,null,null,"Inches H2O"]
[null,"Texas",null,"Cocos Islands",null,null,null,null,null,null,"Kg/cm2g"]
[null,"Utah",null,"Colombia",null,null,null,null,null,null,"kPa"]
[null,"Vermont",null,"Comoros",null,null,null,null,null,null,"MPa"]
[null,"Virginia",null,"Congo",null,null,null,null,null,null,"PSIg"]
[null,"Washington",null,"Cook Islands"]
[null,"West Virginia",null,"Costa Rica",null,"Table:CalcMeshSize"]
[null,"Wisconsin",null,"Croatia",null,"Lookup",null,null,null,null,"Table:CalcPressureOP",null,null,null,null,"Table:CalcPressureDesign"]
[null,"Wyoming",null,"Cuba",null,"Mesh","Micron","Wire Size",null,null,"Ref","Value",null,null,null,"Ref","Value"]
[null,null,null,"Curacao",null,0,8000,0,null,null,"Atm",{"$f":"'Data Sheet'!$B$33*14.69595","v":0},null,null,null,"Atm",{"$f":"'Data Sheet'!$B$33*14.69595","v":0}]
[null,null,null,"Cyprus",null,2.5,8000,8.1500000000000003E-2,null,null,"bar",{"$f":"'Data Sheet'!$B$33*14.5037738","v":0},null,null,null,"bar",{"$f":"'Data Sheet'!$B$33*14.5037738","v":0}]
[null,null,null,"Czech Republic",null,3,6730,7.3599999999999999E-2,null,null,"Inches H2O",{"$f":"'Data Sheet'!$B$33*27.7","v":0},null,null,null,"Inches H2O",{"$f":"'Data Sheet'!$B$33*27.7","v":0}]
[null,null,null,"Denmark",null,3.5,5660,6.6100000000000006E-2,null,null,"Kg/cm2g",{"$f":"'Data Sheet'!$B$33*14.2233433","v":0},null,null,null,"Kg/cm2g",{"$f":"'Data Sheet'!$B$33*14.2233433","v":0}]
[null,null,null,"Diego Garcia",null,4,4760,6.0600000000000001E-2,null,null,"kPa",{"$f":"'Data Sheet'!$B$33*0.1450377","v":0},null,null,null,"kPa",{"$f":"'Data Sheet'!$B$33*0.1450377","v":0}]
[null,null,null,"Djibouti",null,5,4000,5.3900000000000003E-2,null,null,"MPa",{"$f":"'Data Sheet'!$B$33*145.037738","v":0},null,null,null,"MPa",{"$f":"'Data Sheet'!$B$33*145.037738","v":0}]
[null,null,null,"Dominica",null,6,3360,4.8399999999999999E-2,null,null,"PSIg",{"$f":"'Data Sheet'!$B$33*1","v":0},null,null,null,"PSIg",{"$f":"'Data Sheet'!$B$33*1","v":0}]
[null,null,null,"Dominican Republic",null,7,2830,4.2999999999999997E-2]
[null,null,null,"Easter Island",null,8,2380,3.9399999999999998E-2,null,null,"Table:CalcPressureOPMin",null,null,null,null,"Table:CalcPressureDesignMin"]
[null,null,null,"Ecuador",null,9,2000,3.5400000000000001E-2,null,null,"Ref","Value",null,null,null,"Ref","Value"]
[null,null,null,"Egypt",null,10,1680,3.1899999999999998E-2,null,null,"Atm",{"$f":"'Data Sheet'!B34*14.69595","v":0},null,null,null,"Atm",{"$f":"'Data Sheet'!G34*14.69595","v":0}]
[null,null,null,"El Salvador",null,12,1410,2.8500000000000001E-2,null,null,"bar",{"$f":"'Data Sheet'!$B$34*14.5037738","v":0},null,null,null,"bar",{"$f":"'Data Sheet'!$B$34*14.5037738","v":0}]
[null,null,null,"Equitorial Guinea",null,14,1190,2.5600000000000001E-2,null,null,"Inches H2O",{"$f":"'Data Sheet'!$B$34*27.7","v":0},null,null,null,"Inches H2O",{"$f":"'Data Sheet'!$B$34*27.7","v":0}]
[null,null,null,"Eritrea",null,16,1000,2.2800000000000001E-2,null,null,"Kg/cm2g",{"$f":"'Data Sheet'!$B$34*14.2233433","v":0},null,null,null,"Kg/cm2g",{"$f":"'Data Sheet'!$B$34*14.2233433","v":0}]
[null,null,null,"Estonia",null,20,841,2.01E-2,null,null,"kPa",{"$f":"'Data Sheet'!$B$34*0.1450377","v":0},null,null,null,"kPa",{"$f":"'Data Sheet'!$B$34*0.1450377","v":0}]
[null,null,null,"Ethiopia",null,24,707,1.77E-2,null,null,"MPa",{"$f":"'Data Sheet'!$B$34*145.037738","v":0},null,null,null,"MPa",{"$f":"'Data Sheet'!$B$34*145.037738","v":0}]
[null,null,null,"Falkland Islands",null,28,595,1.54E-2,null,null,"PSIg",{"$f":"'Data Sheet'!$B$34*1","v":0},null,null,null,"PSIg",{"$f":"'Data Sheet'!$B$34*1","v":0}]
[null,null,null,"Faroe Islands",null,32,500,1.34E-2]
[null,null,null,"Fiji Islands",null,35,420,1.14E-2]
[null,null,null,"Finland",null,42,354,9.7000000000000003E-3,null,null,"Table:UnitParticulateSize",null,null,null,null,"Table:UnitDensity"]
[null,null,null,"France",null,48,297,8.5000000000000006E-3,null,null,"mm",null,null,null,null,"g / cm3"]
[null,null,null,"French Antilles",null,60,250,7.1000000000000004E-3,null,null,"µ",null,null,null,null,"kg / m3"]
[null,null,null,"French Guiana",null,65,210,6.0000000000000001E-3,null,null,"inch",null,null,null,null,"Lb / ft3"]
[null,null,null,"French Polynesia",null,80,177,5.1999999999999998E-3,null,null,"mesh",null,null,null,null,"Lb / in3"]
[null,null,null,"Gabon Republic",null,100,149,4.3E-3]
[null,null,null,"Gambia",null,115,125,3.5999999999999999E-3]
[null,null,null,"Georgia",null,150,105,3.0000000000000001E-3,null,null,"Table:UnitParticleSize",null,null,null,null,"Table:CalcDensity"]
[null,null,null,"Germany",null,170,88,2.5000000000000001E-3,null,null,"mm",{"$f":"'Data Sheet'!B37*1000","v":0},null,null,null,"Ref","Value"]
[null,null,null,"Ghana",null,200,74,2.0999999999999999E-3,null,null,"µ",{"$f":"'Data Sheet'!B37","v":0},null,null,null,"g / cm3",{"$f":"'Data Sheet'!$B$42*62.4279606","v":0}]
[null,null,null,"Gibraltar",null,250,63,1.6999999999999999E-3,null,null,"inch",{"$f":"'Data Sheet'!B37*25400","v":0},null,null,null,"kg / m3",{"$f":"'Data Sheet'!$B$42*0.0624279606","v":0}]
[null,null,null,"Greece",null,270,53,1.5E-3,null,null,"mesh",{"$f":"VLOOKUP('Data Sheet'!B37,CalcMeshSize,2,TRUE)","v":8000},null,null,null,"Lb / ft3",{"$f":"'Data Sheet'!$B$42","v":0}]
[null,null,null,"Greenland",null,325,44,1.1999999999999999E-3,null,null,null,null,null,null,null,"Lb / in3",{"$f":"'Data Sheet'!$B$42*1728","v":0}]
[null,null,null,"Grenada and Carriacuou",null,400,37,1E-3]
[null,null,null,"Grenadin Islands",null,null,null,null,null,null,"Table:UnitViscosity",null,null,null,null,"Table:CalcViscosity"]
[null,null,null,"Guadeloupe",null,null,null,null,null,null,"cST",null,null,null,null,"cP",{"$f":"'Data Sheet'!B44*'Data Sheet'!B43","v":0}]
[null,null,null,"Guam",null,null,null,null,null,null,"cP",null,null,null,null,"cST",{"$f":"'Data Sheet'!B44","v":0}]
[null,null,null,"Guantanamo Bay",null,null,null,null,null,null,"SSU",null,null,null,null,"SSU",{"$f":"IF('Data Sheet'!B44<=100,'Data Sheet'!B44*0.226,'Data Sheet'!B44*0.22)","v":0}]
[null,null,null,"Guatemala"]
[null,null,null,"Guiana"]
[null,null,null,"Guinea, Bissau",null,"Table:DesignVesselClosure","Gasket Type","Shell Flange",">18\" Companion Flange","<=18\" Companion Flange"]
[null,null,null,"Guinea, Rep",null,"Lookup","Gasket Type","Shell Flange",">18\" Companion Flange","<=18\" Companion Flange",null,null,null,null,null,1,2,3,4,5,6,7,8,9,10,11,12,13,14,15,16,17,18]
[null,null,null,"Guyana",null,"Non-Opening F & D","None","No Flange","F&D","F&D",5,null,null,null,null,"Table:UnitStdMaterial and UnitASMEMaterial"]
[null,null,null,"Haiti",null,"Non-Opening Flat","None","No Flange","Plate","Plate",5,null,null,null,null,"Material","UNS","Plate, Sheet & Strip","Rod, Bar Shapes","Welded Pipe","Seamless Pipe","Welded Tube","Seamless Tube","Forged Flanges","Cast Flanges","Forged Screw Fittings","Forged Valves","Cast Fittings Valves","Elbows and Tees","Stub Ends, Reducers & Caps","Bolts, Studs & Capscrews","Nuts","Wahser"]
[null,null,null,"Honduras",null,"Non-Opening Hemi","None","No Flange","Hemi","Hemi",5,null,null,null,null,304,"S30400","SA-240 304","SA-479 304","SA-312 TP304 WLD","SA-213 TP304 SMLS","SA-249 TP304 WLD","SA-213 TP304 SMLS","SA 182 Gr. F304","SA 182 Gr. F347H","SA 182 Gr. F304",null,"SA-351, CF8","SA-403 WP 304","SA-403 WP 304","SA-193, Gr B8 ≤¾","SA-194, Gr 8","18-8 SS"]
[null,null,null,"Hong Kong",null,"Non-Opening Semi","None","No Flange","Semi","Cap",5,null,null,null,null,316,"S31600","SA-240 316","SA-479 316","SA-312 TP316 WLD","SA-213 TP316 SMLS","SA-249 TP316 WLD","SA-213 TP316 SMLS","SA 182 Gr. F316","SA 182 Gr. F348","SA 182 Gr. F316",null,"SA-351, CF8M","SA-403 WP 316","SA-403 WP 316","SA-193, Gr B8M ≤¾","SA-194, Gr 8M","18-8 SS"]
[null,null,null,"Hungary",null,"Swing Bolt & Double Ring Fl","O-Ring","No Flange","Semi","Cap",1,null,null,null,null,"304L","S30403","SA-240 304L","SA-479 304L","SA-312 TP304L WLD","SA-213 TP304L SMLS","SA-249 TP304L WLD","SA-213 TP304L SMLS","SA 182 Gr. F304L","SA 182 Gr. F348H","SA 182 Gr. F304L",null,"SA-351, CF3","SA-403 WP 304L","SA-403 WP 304L","SA-193, Gr B8 ≤¾","SA-194, Gr 8","18-8 SS"]
[null,null,null,"Iceland",null,"Swing Bolt & Pl Flange","O-Ring","No Flange","Plate","Plate",1,null,null,null,null,"316L","S31603","SA-240 316L","SA-479 316L","SA-312 TP316L WLD","SA-213 TP316L SMLS","SA-249 TP316L WLD","SA-213 TP316L SMLS","SA 182 Gr. F316L","SA 182 Gr. F44","SA 182 Gr. F316L",null,"SA-351, CF3M","SA-403 WP 316L","SA-403 WP 316L","SA-193, Gr B8M ≤¾","SA-194, Gr 8M","18-8 SS"]
[null,null,null,"India",null,"Swing Bolt & Ring Flange","O-Ring","No Flange","Plate","Plate",1,null,null,null,null,"A-36","Common","SA-36","SA-36","SA-53B WLD","SA-106B","SA-178C","SA-179","SA 105","SA 182 Gr. F5","SA 105","SA 105","SA-216, WCA","SA-234 WPB","SA-234 WPB","SA-193, Gr B7 ≤2½","SA-194, Gr 2H","ASTM F436"]
[null,null,null,"Indonesia",null,"Swing Bolt Direct to Shell","O-Ring","No Flange","Plate","Plate",1,null,null,null,null,"Matl Based on Fluid","User Define","User Define","User Define","User Define","User Define","User Define","User Define","User Define","User Define","User Define","User Define","User Define","User Define","User Define","User Define","User Define","User Define"]
[null,null,null,"Inmarsat",null,"Thru Bolt & Pl Flange","All","No Flange","Plate","Plate",null,null,null,null,null,"Steel","Pre Ves","SA-516 Gr 70","SA-36","SA-53B WLD","SA-106B","SA-214","SA-210C","SA 105","SA 182 Gr. F5","SA 105","SA 105","SA-216, WCA","SA-234 WPB","SA-234 WPB","SA-193, Gr B7 ≤2½","SA-194, Gr 2H","ASTM F436"]
[null,null,null,"Iran",null,"Thru Bolt & RFSO/BL","All","RFSO","RFBL","RFBL",2]
[null,null,null,"Iraq",null,"Thru Bolt & RFWN/BL","All","RFWN","RFBL","RFBL",3]
[null,null,null,"Ireland"]
[null,null,null,"Israel"]
[null,null,null,"Italy",null,"Table:DesignVesselClosureHighTemp","Gasket Type","Shell Flange",">18\" Companion Flange","<=18\" Companion Flange"]
[null,null,null,"Ivory Coast",null,"Lookup","Gasket Type","Shell Flange",">18\" Companion Flange","<=18\" Companion Flange"]
[null,null,null,"Jamaica",null,"Non-Opening F & D","None","No Flange","F&D","F&D",5]
[null,null,null,"Japan",null,"Non-Opening Flat","None","No Flange","Plate","Plate",5]
[null,null,null,"Jordan",null,"Non-Opening Hemi","None","No Flange","Hemi","Hemi",5]
[null,null,null,"Kazakhstan",null,"Non-Opening Semi","None","No Flange","Semi","Cap",5]
[null,null,null,"Kenya",null,"Thru Bolt & RFSO/BL","All","RFSO","RFBL","RFBL",2]
[null,null,null,"Kiribati",null,"Thru Bolt & RFWN/BL","All","RFWN","RFBL","RFBL",3]
[null,null,null,"Korea, North"]
[null,null,null,"Korea, South"]
[null,null,null,"Kuwait",null,"Table:DesignHeadLiftVert",null,"Table:DesignHeadLiftHorz",null,"Table:DesignGasketStyle"]
[null,null,null,"Kyrgyzstan",null,"3L Pogo",null,"Davit - Handwheel",null,"Metallic"]
[null,null,null,"Laos",null,"Davit - Handwheel",null,"Davit - Lifting Nut",null,"Non Metallic"]
[null,null,null,"Latvia",null,"Davit - Lifting Nut",null,"Hinge",null,"None"]
[null,null,null,"Lebanon",null,"Hinge",null,"Manual",null,"O-Ring"]
[null,null,null,"Lesotho",null,"Jack",null,"None",null,"Ring Joint"]
[null,null,null,"Liberia",null,"Manual"]
[null,null,null,"Libya",null,"None"]
[null,null,null,"Liechtenstein"]
[null,null,null,"Lithuania"]
[null,null,null,"Luxembourg",null,"Table:DesignVertVesselSupport",null,"Table:DesignHorVesselSupport",null,"Table:UnitFlatGasketMaterial",null,"Table:UnitORingMaterial",null,null,null,"Table:UnitCarbonSteelCoating",null,"Table:UnitStainlessSteelCoating",null,"Table:UnitAllCoating"]
[null,null,null,"Macau",null,"Angle Legs",null,"Lugs",null,"Ceramic 304 ",null,"Aflas®",null,null,null,"Pickling",null,"Pickling",null,"Pickling"]
[null,null,null,"Macedonia, FYROM",null,"Beam Legs",null,"Nozzles",null,"Ceramic 304L ",null,"Buna-N (NBR)",null,null,null,"Shot Blast",null,"Passivating",null,"Passivating"]
[null,null,null,"Madagascar",null,"Flat Btm on Floor",null,"Saddles",null,"Ceramic 316L ",null,"Butyl",null,null,null,"Prime",null,"Shot Blast",null,"Shot Blast"]
[null,null,null,"Malawi",null,"Lugs",null,null,null,"Ceramic 317L ",null,"Chemraz®",null,null,null,"Prime and Paint",null,"Electropolished",null,"Electropolished"]
[null,null,null,"Malaysia",null,"Nozzles",null,null,null,"Ceramic 321 ",null,"EPDM (P.C.)",null,null,null,"Mill Finish",null,"Clean and Dry",null,"Prime"]
[null,null,null,"Maldives",null,"Skirt",null,null,null,"Ceramic 347 ",null,"EPDM (S.C.)",null,null,null,"Clean and Dry",null,null,null,"Prime and Paint"]
[null,null,null,"Mali Republic",null,"Trunions",null,null,null,"Ceramic 410 ",null,"FEP (Teflon®) Encapsulated O-Rings)",null,null,null,null,null,null,null,"Mill Finish"]
[null,null,null,"Malta",null,null,null,null,null,"Ceramic Alloy 20 ",null,"Fluorosilicone",null,null,null,null,null,null,null,"Clean and Dry"]
[null,null,null,"Mariana Islands",null,null,null,null,null,"Ceramic Copper ",null,"HNBR"]
[null,null,null,"Marshall Islands",null,null,null,null,null,"Ceramic Hastelloy B ",null,"Hypalon"]
[null,null,null,"Martinique",null,null,null,{"$f":"IF($I$28=$W$35,$AC$35:$AC$55,IF($I$28=$W$38,$AC$59:$AC$83,$Z$35:$Z$154))","v":0},null,"Ceramic Hastelloy C ",null,"Kalrez®",null,null,null,"Table:UnitService"]
[null,null,null,"Mauritania",null,null,null,null,null,"Ceramic Hastelloy G ",null,"Markez®",null,null,null,"Lethal"]
[null,null,null,"Mauritius",null,null,null,null,null,"Ceramic Hastelloy X ",null,"Neoprene®",null,null,null,"NACE"]
[null,null,null,"Mayotte Island",null,null,null,null,null,"Ceramic Inconel 600 ",null,"PFA (Teflon®) Encapsulated Stainless Steel Spring)",null,null,null,"Non-Lethal Service"]
[null,null,null,"Mexico",null,null,null,null,null,"Ceramic Inconel 625 ",null,"Polyacrylate"]
[null,null,null,"Micronesia, Fed States",null,null,null,null,null,"Ceramic Inconel 750 ",null,"Silicone"]
[null,null,null,"Midway Islands",null,null,null,null,null,"Ceramic Inconel 800 ",null,"Simriz®",null,null,null,"Table:UnitNozzlePur",null,"Table:UnitNozzleDia"]
[null,null,null,"Miquelon",null,null,null,null,null,"Ceramic Inconel 825 ",null,"Teflon®(Virgin)",null,null,null,"Inlet",null,"Nominal","Actual"]
[null,null,null,"Moldova",null,null,null,null,null,"Ceramic Monel 400 ",null,"Urethane",null,null,null,"Outlet",null,"1/8",0.40500000000000003]
[null,null,null,"Monaco",null,null,null,null,null,"Ceramic Nickel ",null,"Viton®",null,null,null,"Vent",null,"1/4",0.54]
[null,null,null,"Mongolia",null,null,null,null,null,"Ceramic Phosphor Bronze ",null,"Viton®(ETP)",null,null,null,"Drain",null,"3/8",0.67500000000000004]
[null,null,null,"Montserrat",null,null,null,null,null,"Ceramic Tantalum ",null,null,null,null,null,"Clean Drain",null,"1/2",0.84]
[null,null,null,"Morocco",null,null,null,null,null,"Ceramic Titanium ",null,null,null,null,null,"Dirty Drain",null,"3/4",1.05]
[null,null,null,"Mozambique",null,null,null,null,null,"Ceramic Zirconium ",null,null,null,null,null,"Inspection",null,"1",1.3149999999999999]
[null,null,null,"Myanmar",null,null,null,null,null,"Chlorocarb 304 ",null,"Table:UnitRingJointMaterial",null,null,null,"PRV",null,"1¼",1.66]
[null,null,null,"Namibia",null,null,null,null,null,"Chlorocarb 304L ",null,304,null,null,null,"Clean Out",null,"1½",1.9]
[null,null,null,"Nauru",null,null,null,null,null,"Chlorocarb 316L ",null,"304L ",null,null,null,"Gas Out",null,"2",2.375]
[null,null,null,"Nepal",null,null,null,null,null,"Chlorocarb 317L ",null," 316L ",null,null,null,"Gas In",null,"2½",2.875]
[null,null,null,"Neth. Antilles",null,null,null,null,null,"Chlorocarb 321 ",null," 317L ",null,null,null,"Pressure Gauge",null,"3",3.5]
[null,null,null,"Netherlands",null,null,null,null,null,"Chlorocarb 347 ",null,321,null,null,null,"Temperature Gauge",null,"3½",4]
[null,null,null,"Nevis",null,null,null,null,null,"Chlorocarb 410 ",null,347,null,null,null,"Level Gauge",null,"4",4.5]
[null,null,null,"New Caledonia",null,null,null,null,null,"Chlorocarb Alloy 20 ",null,410,null,null,null,"Flow Gauge",null,"5",5.5629999999999997]
[null,null,null,"New Zealand",null,null,null,null,null,"Chlorocarb Copper ",null," Alloy 20 ",null,null,null,null,null,"6",6.625]
[null,null,null,"Nicaragua",null,null,null,null,null,"Chlorocarb Hastelloy B ",null," Copper ",null,null,null,null,null,"8",8.625]
[null,null,null,"Niger Republic",null,null,null,null,null,"Chlorocarb Hastelloy C ",null," Hastelloy B ",null,null,null,"Table:UnitNozzleConnections",null,"10",10.75]
[null,null,null,"Nigeria",null,null,null,null,null,"Chlorocarb Hastelloy G ",null," Hastelloy C ",null,null,null,"Flanged",null,"12",12.75]
[null,null,null,"Niue",null,null,null,null,null,"Chlorocarb Hastelloy X ",null," Hastelloy G ",null,null,null,"Coupling",null,"14",14]
[null,null,null,"Norfolk Island",null,null,null,null,null,"Chlorocarb Inconel 600 ",null," Hastelloy X ",null,null,null,"Butt",null,"16",16]
[null,null,null,"Norway",null,null,null,null,null,"Chlorocarb Inconel 625 ",null," Inconel 600 ",null,null,null,"Quick Connect",null,"18",18]
[null,null,null,"Oman",null,null,null,null,null,"Chlorocarb Inconel 750 ",null," Inconel 625 ",null,null,null,null,null,"20",20]
[null,null,null,"Pakistan",null,null,null,null,null,"Chlorocarb Inconel 800 ",null," Inconel 750 ",null,null,null,null,null,"24",24]
[null,null,null,"Palau",null,null,null,null,null,"Chlorocarb Inconel 825 ",null," Inconel 800 ",null,null,null,"Table:UnitFlangeRating"]
[null,null,null,"Panama",null,null,null,null,null,"Chlorocarb Monel 400 ",null," Inconel 825 ",null,null,null,"150 #"]
[null,null,null,"Papua New Guinea",null,null,null,null,null,"Chlorocarb Nickel ",null," Monel 400 ",null,null,null,"300 #"]
[null,null,null,"Paraguay",null,null,null,null,null,"Chlorocarb Phosphor Bronze ",null," Nickel ",null,null,null,"400 #"]
[null,null,null,"Peru",null,null,null,null,null,"Chlorocarb Tantalum ",null,"Carbon Steel",null,null,null,"600 #"]
[null,null,null,"Philippines",null,null,null,null,null,"Chlorocarb Titanium ",null," Phosphor Bronze ",null,null,null,"900 #"]
[null,null,null,"Poland",null,null,null,null,null,"Chlorocarb Zirconium ",null," Tantalum ",null,null,null,"1500 #"]
[null,null,null,"Portugal",null,null,null,null,null,"Flexicarb 304 ",null," Titanium ",null,null,null,"2500 #"]
[null,null,null,"Principe",null,null,null,null,null,"Flexicarb 304L ",null,"Zirconium "]
[null,null,null,"Puerto Rico",null,null,null,null,null,"Flexicarb 316L "]
[null,null,null,"Qatar",null,null,null,null,null,"Flexicarb 317L ",null,null,null,null,null,"Table:UnitCouplingRating"]
[null,null,null,"Reunion Island",null,null,null,null,null,"Flexicarb 321 ",null,null,null,null,null,"3000#"]
[null,null,null,"Romania",null,null,null,null,null,"Flexicarb 347 ",null,null,null,null,null,"6000#"]
[null,null,null,"Russia",null,null,null,null,null,"Flexicarb 410 "]
[null,null,null,"Rwanda",null,null,null,null,null,"Flexicarb Alloy 20 ",null,null,null,null,null,"Table:UnitConnectionRating"]
[null,null,null,"Saipan",null,null,null,null,null,"Flexicarb Copper ",null,null,null,null,null,"User Defined"]
[null,null,null,"San Marino",null,null,null,null,null,"Flexicarb Hastelloy B "]
[null,null,null,"Sao Tome",null,null,null,null,null,"Flexicarb Hastelloy C "]
[null,null,null,"Saudi Arabia",null,null,null,null,null,"Flexicarb Hastelloy G "]
[null,null,null,"Senegal Republic",null,null,null,null,null,"Flexicarb Hastelloy X "]
[null,null,null,"Serbia, Republic of",null,null,null,null,null,"Flexicarb Inconel 600 "]
[null,null,null,"Seychelles",null,null,null,null,null,"Flexicarb Inconel 625 "]
[null,null,null,"Sierra Leone",null,null,null,null,null,"Flexicarb Inconel 750 "]
[null,null,null,"Singapore",null,null,null,null,null,"Flexicarb Inconel 800 "]
[null,null,null,"Slovakia",null,null,null,null,null,"Flexicarb Inconel 825 "]
[null,null,null,"Slovenia",null,null,null,null,null,"Flexicarb Monel 400 "]
[null,null,null,"Solomon Islands",null,null,null,null,null,"Flexicarb Nickel "]
[null,null,null,"Somalia Republic",null,null,null,null,null,"Flexicarb Phosphor Bronze "]
[null,null,null,"South Africa",null,null,null,null,null,"Flexicarb Tantalum "]
[null,null,null,"Spain",null,null,null,null,null,"Flexicarb Titanium "]
[null,null,null,"Sri Lanka",null,null,null,null,null,"Flexicarb Zirconium "]
[null,null,null,"St. Helena"]
[null,null,null,"St. Kitts"]
[null,null,null,"St. Lucia"]
[null,null,null,"St. Pierre et Miquelon"]
[null,null,null,"St. Vincent"]
[null,null,null,"Sudan"]
[null,null,null,"Suriname"]
[null,null,null,"Swaziland"]
[null,null,null,"Sweden"]
[null,null,null,"Switzerland"]
[null,null,null,"Syria"]
[null,null,null,"Taiwan"]
[null,null,null,"Tajikistan"]
[null,null,null,"Tanzania"]
[null,null,null,"Thailand"]
[null,null,null,"Togo"]
[null,null,null,"Tokelau"]
[null,null,null,"Tonga"]
[null,null,null,"Trinidad and Tobago"]
[null,null,null,"Tunisia"]
[null,null,null,"Turkey"]
[null,null,null,"Turkmenistan"]
[null,null,null,"Turks and Caicos Islands"]
[null,null,null,"Tuvalu"]
[null,null,null,"Uganda"]
[null,null,null,"Ukraine"]
[null,null,null,"United Arab Emirates"]
[null,null,null,"United Kingdom"]
[null,null,null,"United States"]
[null,null,null,"Uruguay"]
[null,null,null,"US Virgin Islands"]
[null,null,null,"Uzbekistan"]
[null,null,null,"Vanuatu"]
[null,null,null,"Vatican city"]
[null,null,null,"Venezuela"]
[null,null,null,"Vietnam, Soc Republic of"]
[null,null,null,"Wake Island"]
[null,null,null,"Wallis and Futuna Islands"]
[null,null,null,"Western Samoa"]
[null,null,null,"Yemen"]
[null,null,null,"Yugoslavia"]
[null,null,null,"Zaire"]
[null,null,null,"Zambia"]
[null,null,null,"Zanzibar"]
[null,null,null,"Zimbabwe"]

{"sheet":"Fluid Table","index":2,"n_rows":330,"n_cols":41,"rows_kept":330,"cut":false,"hidden":true,"merged":[]}
[]
[null,null,null,"Ref",null,"Value"]
[null,null,null,"Temperature",null,"Density"]
[null,null,null,"- t -",null,"- ρ -"]
[null,null,"Description","(oC)","(Lb/ft3)","(kg/m3)","Cst","CSR","Matl Std","302 SS","304 ss","316 SS","440 SS","Aluminum","Titanium","Hastalloy C","Cast Bronze","Brass","Cast Iron ","Carbon Steel","Kynar","PVC","Typan","Teflon","Naryl","Polyacetal","Nylon","ABS","Polyethylene","Polypropylene (PP)","Rylon","Carbon ","Ceramic","Ceramagnet A","Viton","Buna N","Silicon","Neopprene","ethylene Prophylene","Rubber","Epoxy"]
[null,null,1,2,3,4,5,6,7,8,9,10,11,12,13,14,15,16,17,18,19,20]
[null,null,"Acetamide ",20,{"$f":"F7*0.0624279606","v":72.416434296000006},1160,null,0,316,"-","B","A","-","-","A","A","D","-","-","C","-","D","D","A","-","A","A","D","C","B","A","A","A","-","D","B","B","D","B","C","A"]
[null,null,"Acetate Solv. ",null,{"$f":"F8*0.0624279606","v":65.486930669399996},1049,null,0,"Steel","A","B","A","B","B","-","-","-","-","-","C","-","-","-","-","-","B","-","-","-","-","-","-","A","-","A","A","-","A","A","D","A"]
[null,null,"Acetic Acid",25,65.486930669399996,1049,1.232,0,316,"-","B","A","B","B","-","-","A","C","B","A","-","B","D","A","-","-","A","-","B","D","-","A","A","-","D","D","-","D","-","-","A"]
[null,null,"Acetic Anhydride ",null,67.5470533692,1082,0.88,0,304,"B","A","A","B","B","A","A","C","C","D","C","B","A","B","A","A","D","D","C","B","A","A","A","A","-","C","C","-","C","B","C","A"]
[null,null,"Acetone",25,48.979729327548,784.58,0.41,0,"Steel","A","A","A","B","A","A","A","C","D","B","D","D","D","D","A","D","D","D","D","A","A","A","A","A","-","D","A","C","B","B","C","A"]
[null,null,"Acetyl Chloride ",null,68.920468502399999,1104,null,0,316,"-","C","A","-","-","A","A","A","A","A","A","D","D","D","A","D","B","A","D","C","B","A","A","A","A","D","D","B","C","A","D","B"]
[null,null,"Acetylene",null,68.483472778199996,1097,null,0,"Steel","A","A","A","A","A","-","-","D","-","-","-","-","-","-","A","-","-","-","-","-","-","A","-","-","-","A","-","-","-","-","A","A"]
[null,null,"Acrylonitrile ",25,50.566648086000001,810,null,0,304,"A","A","C","-","B","B","-","B","-","A","A","-","B","-","-","-","A","A","-","-","D","A","A","A","-","A","A","C","B","A","C","A"]
[null,null,"Alcohol Amyl ",20,53.188622431200002,852,1.603,0,304,"A","A","A","-","C","B","B","A","-","C","-","-","-","-","-","-","B","-","D","-","B","A","A","A","-","C","D","-","D","D","-","A"]
[null,null,"Alcohol Benzyl ",null,65.174790866400002,1044,null,0,304,"-","A","A","-","B","A","A","A","B","C","C","A","A","B","A","C","A","A","B","B","B","A","A","A","-","A","A","D","A","A","C","A"]
[null,null,"Alcohol Butyl ",20,50.547919697819999,809.7,3.64,0,304,"A","A","A","-","B","A","A","A","C","-","-","-","D","B","-","A","A","A","D","D","A","-","A","A","-","A","D","-","B","B","D","A"]
[null,null,"Alcohol Diacetone",null,58.557427042800001,938,null,0,"Steel","-","A","A","-","A","B","A","B","C","C","C","A","A","B","A","A","A","A","-","B","B","A","A","A","-","A","A","D","A","A","A","A"]
[null,null,"Alcohol Ethyl ",20,48.194385583200003,772,1.51,0,"Steel","-","A","A","A","B","A","A","A","C","-","A","-","D","-","-","A","A","A","-","-","D","-","A","A","-","D","D","-","D","A","D","A"]
[null,null,"Alcohol Hexyl ",null,50.816359928399997,814,null,0,"Steel","-","A","A","-","A","A","A","A","C","A","A","-","A","C","-","A","B","A","B","B","A","-","A","A","A","A","A","B","A","B","A","A"]
[null,null,"Alcohol Isobutyl ",20,50.042253216959999,801.6,null,0,"Steel","-","A","A","-","B","A","A","A","C","-","A","-","-","-","-","A","A","A","-","-","A","-","A","A","-","A","A","D","B","A","A","A"]
[null,null,"Alcohol Isopropyl ",20,49.030920255239998,785.4,null,0,"Steel","-","A","A","-","B","A","A","A","C","-","A","-","-","-","-","A","A","A","B","-","A","-","A","A","-","A","C","B","A","A","A","A"]
[null,null,"Alcohol Methyl",20,49.442944795199999,792,0.745,0,"Steel","-","A","A","A","B","A","A","A","C","C","A","-","-","-","-","A","A","A","-","-","A","-","A","A","-","A","C","C","B","A","A","A"]
[null,null,"Alcohol Octyl ",null,51.440639534399999,824,null,0,"Steel","-","A","A","-","A","A","A","A","C","A","A","-","B","-","A","A","C","A","D","B","A","-","A","A","A","C","B","-","A","A","A","A"]
[null,null,"Alcohol Propyl ",25,49.939871361576003,799.96,null,0,"Steel","-","A","A","-","A","A","A","A","C","-","A","-","-","-","-","A","A","A","-","-","-","-","A","A","-","A","B","-","B","A","C","A"]
[null,null,"Amines ",null,74.913552719999998,1200,null,0,304,"A","A","A","-","A","A","A","A","-","-","A","B","A","-","A","A","A","A","-","-","A","-","A","A","-","A","A","B","A","A","A","A"]
[null,null,"Ammonia (10%) ",null,0,null,null,0,316,"-","-","A","-","-","B","A","B","-","A","B","-","C","A","A","B","D","A","-","-","-","-","A","A","-","D","D","C","B","B","C","A"]
[null,null,"Ammonia, Anhydrous ",15,45.572411238000001,730,null,0,316,"A","B","A","A","B","A","A","-","-","-","-","D","A","-","A","A","-","A","-","-","A","A","-","A","-","A","D","-","A","-","-","B"]
[null,null,"Ammonia, Liquids ",25,51.40006136001,823.35,null,0,"Steel","-","A","A","A","D","B","A","D","-","D","B","D","A","B","A","A","D","A","-","B","A","B","C","A","-","D","B","B","A","A","D","A"]
[null,null,"Amyl Chloride ",null,54.062613879600001,866,null,0,"Steel","-","C","B","-","D","-","B","D","-","A","A","-","A","B","A","A","D","-","-","D","A","-","A","A","-","D","B","B","A","A","D","A"]
[null,null,"Amyl-Acetate ",20,54.686893485599995,876,4.34,0,304,"B","A","A","C","B","-","A","A","-","-","A","A","D","C","A","D","A","C","-","D","D","-","A","A","-","A","D","-","D","D","D","A"]
[null,null,"Aniline ",25,63.609721894157992,1018.93,null,0,304,"B","A","A","A","C","A","A","C","-","-","C","C","D","D","A","D","A","B","-","D","D","A","A","A","-","D","D","D","D","A","D","A"]
[null,null,"Aqua Regia (80% HCl, 20% HNO) ",null,0,null,null,0,"Not Defined","-","D","D","-","D","A","B","C","-","-","C","C","D","D","A","D","D","C","D","C","B","A","A","A","-","C","D","C","D","B","D","A"]
[null,null,"Arochlor 1248 ",null,0,null,null,0,"Steel","-","-","-","-","-","A","D","D","-","-","-","C","D","D","A","D","D","D","-","D","C","-","-","D","-","C","D","C","D","D","D","D"]
[null,null,"Beer",10,63.052240206,1010,1.8,0,304,"A","A","A","-","A","-","-","-","-","-","A","-","-","-","-","D","-","-","-","-","-","-","A","-","-","A","D","-","D","B","D","A"]
[null,null,"Benzaldehyde",25,65.049934945199993,1042,null,0,"Steel","A","A","A","-","B","A","A","A","B","D","D","A","A","-","A","A","B","D","B","B","D","-","A","A","-","A","D","C","A","A","A","A"]
[null,null,"Benzene",25,54.550176251885993,873.81,0.69699999999999995,0,304,"B","A","A","A","B","A","A","A","-","B","A","C","D","D","A","D","A","C","D","D","D","A","A","A","-","D","D","B","D","A","D","A"]
[null,null,"Benzol ",25,67.399723382184007,1079.6400000000001,null,0,304,"-","A","A","-","B","A","B","B","A","B","C","B","D","C","A","D","A","A","D","D","D","A","A","A","A","A","D","-","D","D","D","A"]
[null,null,"Brine",15,76.786391538000004,1230,null,0,"Steel","C","C","C","C","C","A","A","B","A","-","-","-","D","-","A","D","A","A","-","-","A","-","A","A","A","D","D","-","D","-","-","A"]
[null,null,"Bromine (Wet) ",25,194.80020825624001,3120.4,null,0,"Not Defined","D","D","D","D","D","A","A","A","D","D","D","-","B","B","A","A","-","A","-","-","A","-","-","B","-","A","A","B","-","-","A","-"]
[null,null,"Butadiene ",-6,39.953894783999999,640,null,0,304,"A","A","A","-","A","A","A","C","-","D","D","A","B","B","A","D","D","D","D","D","D","D","D","A","D","A","D","D","D","D","D","C"]
[null,null,"Butane",25,37.399966915854002,599.09,null,0,304,"A","A","A","-","A","-","-","C","A","C","C","A","A","-","A","-","A","A","-","-","-","B","A","A","-","A","A","-","B","A","-","A"]
[null,null,"Butyl Acetate",20,54.911634143759997,879.6,null,0,"Steel","-","-","C","-","A","-","-","A","A","C","C","A","A","C","A","D","A","A","B","C","D","A","A","A","-","A","A","D","B","D","D","A"]
[null,null,"Butylhloride",20,55.311173091599997,886,null,0,"Not Defined","-","-","-","-","-","-","A","A","-","-","A","C","D","D","A","D","A","-","-","C","D","A","A","A","-","D","B","D","D","B","D","A"]
[null,null,"Butyric Acid",20,59.868414215400001,959,1.61,0,316,"B","B","A","A","B","-","-","-","-","-","-","-","-","-","-","-","-","-","-","-","-","-","-","-","-","-","-","-","-","-","-","-"]
[null,null,"Caproic acid",25,57.496151712599996,921,null,0,304,"B","A","B","A","A","A","A","C","-","D","-","A","B","-","A","A","C","D","D","-","A","-","A","D","-","D","D","-","D","B","-","A"]
[null,null,"Carbolic acid",20,67.297341526799997,1078,11.3,0,"Steel","-","B","B","-","A","-","A","B","-","D","-","A","A","-","A","A","A","A","-","B","A","-","A","A","-","A","B","B","A","A","A","A"]
[null,null,"Carbon Dioxide (Wet) ",0,1.1861312514E-4,1.9E-3,null,0,304,"-","A","A","-","C","A","-","B","D","D","A","-","D","B","A","D","-","D","-","-","B","A","-","A","-","A","D","D","-","B","D","-"]
[null,null,"Carbon Disulfide",25,78.719785477781997,1260.97,null,0,316,"-","B","A","-","C","-","A","C","C","C","-","-","-","-","A","-","-","-","-","-","-","-","A","A","-","-","-","-","-","-","-","-"]
[null,null,"Carbon Monoxide ",0,7.4913552719999997E-5,1.1999999999999999E-3,null,0,304,"-","A","A","-","A","-","-","C","C","B","C","-","D","C","A","D","A","A","-","D","D","A","A","B","-","A","D","-","D","D","D","A"]
[null,null,"Carbon Tetrachloride",20,99.572597157000004,1595,0.61199999999999999,0,304,"B","B","B","A","C","-","-","-","-","-","-","-","A","-","-","B","A","A","-","B","A","-","A","A","-","A","A","B","B","A","C","A"]
[null,null,"Carbonated Water ",4,62.427960599999999,1000,null,0,304,"B","A","A","A","A","A","A","C","A","C","D","A","C","C","A","D","A","A","D","D","D","C","A","A","A","A","C","C","D","-","D","C"]
[null,null,"Carene",25,53.500762234199996,857,null,0,"Not Defined","-","-","-","-","-","-","-","B","-","D","-","-","A","-","-","A","A","A","-","-","A","-","A","A","-","A","A","-","A","A","-","A"]
[null,null,"Chloric Acid ",4,62.427960599999999,1000,null,0,"Not Defined","-","D","D","-","-","-","-","-","-","-","-","-","-","-","-","-","-","-","-","-","-","-","-","-","-","-","-","-","-","-","-","-"]
[null,null,"Chloride",25,97.387618535999991,1560,null,0,"Not Defined","-","-","-","-","-","-","-","-","-","-","-","-","D","-","A","-","-","-","-","-","-","-","-","-","-","-","D","-","D","-","-","D"]
[null,null,"Chlorine (Dry) ",null,0,null,null,0,304,"B","A","A","-","D","-","-","-","-","-","-","-","-","-","-","-","-","-","-","-","-","-","-","-","-","-","-","-","-","-","-","-"]
[null,null,"Chlorine Water ",4,62.427960599999999,1000,null,0,"Not Defined","D","-","D","-","D","D","A","A","B","A","-","-","-","-","A","-","-","-","-","-","-","C","A","A","-","D","-","-","D","-","D","D"]
[null,null,"Chlorine, Anhydrous Liquid ",null,0,null,null,0,"Not Defined","-","D","D","D","D","A","B","D","D","D","-","A","A","-","A","C","-","D","-","-","D","C","C","A","-","A","D","C","D","-","-","-"]
[null,null,"Chlorobenzene (Mono) ",20,69.032838831479992,1105.8,null,0,304,"A","A","A","-","B","D","A","D","-","C","-","-","D","B","A","A","D","D","-","D","D","C","A","D","-","A","D","-","D","B","D","B"]
[null,null,"Chloroform ",20,92.967718925520003,1489.2,null,0,304,"A","A","A","A","D","-","A","B","-","B","C","A","D","D","A","D","A","A","D","D","D","A","A","A","-","A","D","-","D","D","D","A"]
[null,null,"Chlorosulfonic Acid",25,109.4362149318,1753,null,0,"Not Defined","D","D","-","D","D","A","A","B","-","D","C","C","D","C","A","D","A","C","D","D","D","C","A","A","A","A","D","D","D","D","D","A"]
[null,null,"Chlorox (Bleach) ",4,62.427960599999999,1000,null,0,304,"-","A","A","-","C","A","B","D","-","-","D","D","C","C","A","D","D","D","-","D","D","D","-","C","-","D","D","D","D","D","D","C"]
[null,null,"Cider ",4,62.427960599999999,1000,null,0,304,"-","A","A","A","B","-","A","A","-","D","C","-","A","B","A","A","D","D","B","-","D","C","A","A","-","A","C","-","B","B","D","A"]
[null,null,"Citric Acid ",25,103.599824895306,1659.51,null,0,304,"-","A","A","A","C","-","-","A","-","D","-","-","A","-","-","A","B","-","-","B","-","-","A","A","-","A","A","-","A","-","-","A"]
[null,null,"Citric Oils ",null,0,null,null,0,304,"-","A","A","-","C","A","A","D","C","D","-","A","A","-","A","A","B","C","C","B","B","-","A","A","B","A","D","C","A","A","A","A"]
[null,null,"Coffee ",4,62.427960599999999,1000,null,0,304,"A","A","A","A","A","-","-","B","-","-","-","-","-","-","-","A","B","-","-","-","A","-","A","A","-","A","A","C","D","-","-","A"]
[null,null,"Cresols",25,64.300799417999997,1030,null,0,304,"-","A","A","-","B","-","-","B","-","C","-","-","-","-","A","A","A","A","-","-","A","-","A","A","-","A","A","-","A","-","A","A"]
[null,null,"Cresylic Acid ",null,0,null,null,0,304,"B","A","A","-","C","-","-","D","C","-","-","-","D","D","-","-","D","-","D","D","C","A","A","A","-","D","D","D","D","D","D","A"]
[null,null,"Cumene",25,53.688046115999995,860,null,0,"Not Defined","-","-","-","-","-","A","B","C","-","-","-","B","B","D","A","-","D","D","-","C","-","-","A","A","-","A","D","-","D","D","D","A"]
[null,null,"Cyanic Acid ",20,71.167875084000002,1140,null,0,304,"-","A","-","-","-","-","-","-","-","-","-","-","-","-","-","-","-","-","-","-","-","-","-","-","-","-","-","-","-","-","-","-"]
[null,null,"Cyclohexane ",20,48.600167327099996,778.5,null,0,"Steel","-","A","-","-","A","-","-","-","-","-","-","-","-","-","-","-","D","-","-","-","-","-","-","-","-","-","C","-","D","-","-","A"]
[null,null,"Cyclopentane",20,{"$f":"F72*0.0624279606","v":46.508830646999996},745,null,0,"Not Defined","-","-","-","-","-","A","-","A","-","-","A","-","-","D","-","D","A","-","-","-","D","A","A","A","-","A","A","D","D","D","D","A"]
[null,null,"Decane",25,45.341427783779999,726.3,null,0,"Not Defined","-",null,null,null,null,"-","-","-","-","-","-","-","-","-","-","-","-","-","-","-","-","-","-","-","-","-","-","-","-","-","-","-"]
[null,null,"Dichlorethane ",20,78.222234631799992,1253,null,0,304,"-","A","A","-","-"]
[null,null,"Dichloromethane",20,82.779475755600004,1326,null,0,"Not Defined","-","-","-","-","-","-","A","-","-","-","-","-","D","D","A","-","-","A","-","D","-","-","-","-","-","B","-","-","D","-","D","A"]
[null,null,"Dichloromethane",20,82.779475755600004,1326,null,0,"Not Defined","-","-","-","-","-","-","-","-","-","-","-","-","-","-","-","-","-","-","-","-","-","-","-","-","-","-","-","-","-","-","-","-"]
[null,null,"Diesel Fuel ",15,55.248745131,885,null,0,"Steel","A","A","A","-","A","-","-","-","-","-","-","-","-","-","-","-","-","-","-","-","-","-","-","-","-","-","-","-","-","-","-","-"]
[null,null,"Diesel fuel oil 20",20,61.803680993999997,990,520,0,"Not Defined","-",null,null,null,null,"-","-","A","-","A","A","-","-","-","-","D","A","-","-","-","D","A","A","A","-","A","A","-","D","D","D","A"]
[null,null,"Diethyl ether",20,44.573563868400001,714,null,0,304,"-","B","B","-","B"]
[null,null,"Diethylamine ",20,44.16153932844,707.4,null,0,304,"A","A","-","-","A","A","B","A","B","-","-","A","D","-","A","-","-","-","-","-","A","A","-","-","-","D","D","D","-","A","D","-"]
[null,null,"Diethylene glycol",15,69.919315871999999,1120,null,0,"Steel","-","A","A","-","B","-","-","A","-","-","-","-","D","-","A","B","D","-","-","-","C","-","A","A","-","D","B","-","B","B","C","A"]
[null,null,"Diethylene Glycol ",15,69.919315871999999,1120,null,0,304,"-","A","-","-","-","A","B","-","-","A","A","A","C","C","A","A","-","A","B","-","A","-","-","-","-","A","A","B","-","A","A","-"]
[null,null,"Dimethyl Acetamide",20,58.807138885199997,942,null,0,"Not Defined","-","-","-","-","-","-","-","A","-","-","-","-","-","-","-","A","A","A","B","B","-","-","A","A","-","A","A","C","A","A","A","A"]
[null,null,"Dimethyl Sulfoxide",20,68.670756659999995,1100,null,0,"Not Defined","-","-","-","-","-","-","-","-","-","-","-","-","-","-","-","-","-","-","-","-","-","-","-","-","-","-","-","-","-","-","-","-"]
[null,null,"Diphenyl Oxide ",30,62.427960599999999,1000,null,0,304,"-","A","-","-","-","-","-","-","-","-","-","-","-","-","-","-","-","-","-","-","-","-","-","-","-","-","-","-","-","-","-","-"]
[null,null,"Dodecane",25,47.108139068760003,754.6,null,0,"Not Defined","-","-","-","-","-","-","-","A","-","-","-","-","-","-","-","-","A","-","-","-","-","-","A","A","-","A","D","-","D","D","D","A"]
[null,null,"Ethane ",-89,35.600168811755999,570.26,null,0,304,"A","A","-","-","A","-","-","-","-","-","-","-","-","-","-","-","-","-","-","-","-","-","-","-","-","-","-","-","-","-","-","-"]
[null,null,"Ethanolamine ",20,63.177096127200002,1012,null,0,304,"-","A","A","-","-","-","-","A","-","-","-","-","-","-","-","D","A","-","-","-","-","-","A","A","-","A","A","-","B","D","D","A"]
[null,null,"Ether3 ",25,4.5397612948320001,72.72,null,0,304,"A","A","A","A","A","-","-","-","-","-","C","-","-","-","-","-","D","-","-","-","-","A","A","A","-","D","B","C","B","-","C","A"]
[null,null,"Ethyl Acetate2 ",20,56.222621316359998,900.6,null,0,304,"-","A","A","-","B","-","B","B","A","-","B","-","D","C","-","D","A","C","-","-","-","A","A","A","A","C","D","-","D","C","D","A"]
[null,null,"Ethyl Chloride ",20,5.7433723751999994E-4,9.1999999999999998E-3,null,0,304,"-","A","A","A","B","-","B","B","-","-","C","D","D","D","A","D","A","A","D","C","C","A","A","A","-","D","D","C","D","B","D","A"]
[null,null,"Ethyl Sulfate ",20,91.144822476000002,1460,null,0,"Not Defined","-","D","-","-","-","A","B","B","-","C","D","A","D","D","A","D","A","A","-","D","D","A","A","A","-","A","D","D","C","A","A","A"]
[null,null,"Ethylene Chloride2 ",20,78.222234631799992,1253,null,0,304,"-","A","A","-","C","-","-","-","-","-","-","-","-","-","-","-","B","-","-","-","-","-","A","A","-","A","A","-","-","-","-","A"]
[null,null,"Ethylene Dichloride ",20,78.222234631799992,1253,null,0,304,"-","A","A","-","D","B","B","A","-","C","C","-","D","-","A","D","A","-","D","-","D","A","A","A","-","A","D","D","D","C","D","A"]
[null,null,"Ethylene Glycol4 ",20,69.419892187199991,1112,18,0,304,"-","A","A","-","A","A","B","C","-","-","C","-","D","D","A","D","A","A","-","D","A","A","C","A","-","A","D","D","D","C","D","A"]
[null,null,"Ethylene Oxide ",25,55.061461249200001,882,null,0,316,"-","-","A","-","A","-","A","B","B","B","C","A","A","B","A","A","A","A","B","B","A","A","A","A","A","A","A","C","A","A","A","A"]
[null,null,"Fluorine ",20,1.0612753301999999E-4,1.6999999999999999E-3,null,0,"Not Defined","D","D","D","-","D","-","-","A","-","-","-","-","D","-","A","A","A","A","-","-","-","-","A","A","-","D","D","D","D","C","D","A"]
[null,null,"Fluorine refrigerant R-22",25,74.5389849564,1194,null,0,316,"-","-","A","-","B","D","A","D","-","D","D","-","C","-","C","-","-","D","-","C","-","-","D","-","-","-","-","-","-","-","-","D"]
[null,null,"Fluosilicic Acid (35%)",20,86.150585628000002,1380,null,0,316,"-","-","B","-","D","-","-","B","-","-","-","-","D","D","-","B","A","A","-","-","-","A","A","A","A","D","D","D","A","A","A","A"]
[null,null,"Formaldehyde ",45,50.700243921683999,812.14,null,0,"Steel","A","A","A","-","A","D","B","-","-","D","-","A","A","B","A","A","B","D","-","B","A","-","A","D","-","B","A","-","A","-","-","C"]
[null,null,"Formic Acid 10%",20,63.988659614999996,1025,1.5,0,304,"C","A","B","B","D","A","B","A","B","D","A","-","A","B","A","D","A","A","-","B","A","A","A","A","-","D","C","B","D","B","C","A"]
[null,null,"Freon - 11",21,93.017661293999993,1490,null,0,316,"A","-","A","-","B","C","A","C","C","D","D","A","D","B","A","A","D","D","-","B","A","A","A","A","B","B","D","C","D","A","C","B"]
[null,null,"Freon 113 ",null,0,null,null,0,316,"-","-","A","-","B","-","-","B","-","C","B","-","B","D","A","D","A","A","D","C","-","A","A","A","A","B","C","D","D","D","D","A"]
[null,null,"Freon 12 (Wet)2 ",null,0,null,null,0,"Not Defined","-","-","D","-","B","-","-","B","-","-","-","-","C","D","-","-","A","A","-","-","-","A","A","A","A","C","A","D","A","-","D","A"]
[null,null,"Freon T.F.4 ",null,0,null,null,0,316,"-","-","A","-","B","-","-","B","-","-","-","-","B","D","A","D","A","A","B","C","A","A","A","A","A","A","A","D","B","B","D","A"]
[null,null,"Fruit Juice ",20,78.034950749999993,1250,null,0,304,"A","A","A","A","B","-","-","B","-","-","-","-","B","D","-","D","A","A","-","-","D","A","A","A","A","B","A","D","A","D","D","A"]
[null,null,"Fuel Oils ",60,55.569000568877996,890.13,null,0,304,"A","A","A","-","A","-","-","B","-","D","D","-","A","-","D","A","B","A","-","B","A","-","A","A","A","A","A","-","A","-","-","A"]
[null,null,"Furan",25,88.397992209600005,1416,null,0,"Steel","-","A","A","-","A","A","A","B","-","C","B","A","A","-","A","A","A","A","-","D","B","A","A","A","-","A","A","C","B","D","D","A"]
[null,null,"Furfural1 ",20,72.416434296000006,1160,1.45,0,"Steel","A","A","A","-","A","-","-","A","-","A","A","-","-","-","A","-","A","-","-","-","-","A","-","A","-","A","D","-","D","-","D","A"]
[null,null,"Gasoline, natural",60,44.386279986600002,711,null,0,"Steel","A","A","A","A","A","-","B","A","-","-","A","D","D","-","A","D","B","A","D","D","D","A","A","A","-","D","D","D","D","B","D","A"]
[null,null,"Gasoline, Vehicle",60,46.009406962199996,737,null,0,"Steel","A","A","A","A","A","D","A","A","-","A","A","A","C","-","A","D","A","A","D","D","C","A","A","A","A","A","A","D","D","C","D","A"]
[null,null,"Glucose ",60,89.896263263999998,1440,null,0,316,"A","-","A","-","A","D","A","A","-","A","A","A","C","-","A","D","A","A","D","D","C","A","A","A","A","A","A","D","D","C","D","A"]
[null,null,"Glue P.V.A.1 ",null,0,null,null,0,"Steel","B","B","A","-","B","-","-","A","A","B","B","-","A","B","A","B","A","A","B","B","A","-","A","A","-","A","A","B","A","A","A","A"]
[null,null,"Glycerine ",20,78.721658316599999,1261,11183,0,304,"A","A","A","A","A","A","-","A","-","-","A","-","A","B","A","-","A","A","-","-","-","-","A","A","-","A","A","-","A","-","-","A"]
[null,null,"Grape Juice ",20,68.670756659999995,1100,null,0,304,"-","A","A","-","B","A","A","A","B","B","B","A","A","B","A","A","A","A","C","-","A","-","A","A","-","A","A","B","A","A","A","A"]
[null,null,"Heptane1 ",20,42.575869129200001,682,0.6,0,316,"A","-","A","-","A","-","-","B","-","D","-","-","A","-","-","A","B","-","B","B","-","-","A","A","-","A","A","-","A","-","-","A"]
[null,null,"Hexane1 ",20,41.077598074800001,658,0.51,0,304,"A","A","A","-","A","-","A","A","-","-","B","A","A","-","A","D","A","A","C","D","D","A","A","A","-","A","A","-","B","D","-","A"]
[null,null,"Hexanol",25,50.629076046599998,811,null,0,"Not Defined","-","-","-","-","-","-","A","B","-","-","B","A","C","-","A","D","A","A","D","-","C","A","A","A","-","A","A","B","B","D","D","A"]
[null,null,"Hexene",25,41.889161562600002,671,null,0,"Not Defined","-","-","-","-","-","-","-","-","-","-","-","-","-","-","-","-","-","-","-","-","-","-","-","-","-","-","-","-","-","-","-","-"]
[null,null,"Honey ",null,0,null,null,0,304,"-","A","A","-","A","-","-","-","-","-","-","-","-","-","-","-","-","-","-","-","-","-","-","-","-","-","-","-","-","-","-","-"]
[null,null,"Hydraulic Oils (Petroleum)1 ",null,0,null,null,0,"Steel","A","A","A","-","A","-","-","A","-","A","-","-","A","-","-","A","A","A","B","-","A","-","A","A","-","A","A","-","A","A","-","A"]
[null,null,"Hydraulic Oils (Synthetic)1 ",null,0,null,null,0,304,"-","A","A","-","A","-","-","B","-","A","A","-","-","-","A","-","A","A","-","-","D","-","A","A","-","A","A","-","B","D","D","A"]
[null,null,"Hydrazine ",25,49.600263255911997,794.52,null,0,304,"-","A","A","-","-","-","-","A","-","A","-","-","-","-","-","-","A","A","-","-","D","-","A","A","-","A","C","D","-","-","-","A"]
[null,null,"Hydrobromic Acid4 ",-70,206.4492657042,3307,null,0,"Not Defined","D","D","D","D","D","-","-","-","-","C","-","-","-","-","-","-","D","-","-","-","-","-","A","-","-","A","B","D","B","A","C","A"]
[null,null,"Hydrochloric Acid (100%) ",null,0,null,null,0,"Not Defined","-","D","D","-","D","A","A","D","-","D","D","A","A","B","A","C","D","D","-","B","B","-","A","A","-","A","D","D","D","A","A","A"]
[null,null,"Hydrochloric Acid (20%)4 ",null,0,null,null,0,"Not Defined","-","D","D","D","D","D","C","D","-","D","-","-","A","A","A","-","-","D","-","A","-","-","A","C","-","C","D","-","C","-","A","A"]
[null,null,"Hydrochloric Acid (37%)4 ",20,73.664993507999995,1180,null,0,"Steel","-","D","D","D","D","C","B","D","-","D","-","A","A","B","A","A","D","D","B","A","A","D","A","A","D","A","C","-","C","A","C","A"]
[null,null,"Hydrochloric Acid (Dry gas) ",null,0,null,null,0,316,"D","C","A","-","D","C","B","D","-","D","-","A","A","B","A","A","D","D","C","A","A","D","A","C","D","A","C","C","C","C","D","A"]
[null,null,"Hydrocyanic Acid ",10,42.888008932200002,687,null,0,304,"A","A","A","C","A","-","A","-","-","-","D","-","A","-","A","-","-","-","-","-","-","-","A","-","-","-","-","-","-","A","-","A"]
[null,null,"Hydrocyanic Acid (Gas 10%) ",null,0,null,null,0,"Not Defined","-","D","D","-","-","A","A","D","D","-","C","-","A","B","A","A","B","A","-","B","A","-","A","A","-","A","C","-","B","-","A","A"]
[null,null,"Hydrofluoric Acid (100%) ",null,0,null,null,0,"Not Defined","D","D","D","-","D","-","-","-","-","-","-","-","A","-","A","-","-","-","-","-","-","-","-","-","-","-","-","-","C","A","C","A"]
[null,null,"Hydrofluoric Acid (20%)1 ",20,71.792154690000004,1150,null,0,"Not Defined","-","D","D","D","D","D","B","D","-","D","D","-","C","D","A","-","-","-","-","D","-","C","D","D","-","-","D","-","D","-","D","A"]
[null,null,"Hydrofluoric Acid (75%)1 2 ",null,0,null,null,0,"Not Defined","-","C","D","-","D","D","B","D","-","D","-","-","D","B","A","A","D","D","-","C","A","C","B","C","D","A","D","-","C","A","C","B"]
[null,null,"Hydrofluosilicic Acid (20%) ",10,86.150585628000002,1380,null,0,"Not Defined","-","D","D","-","D","D","C","D","-","D","-","A","C","B","A","D","D","D","-","C","B","C","D","D","D","A","D","D","D","C","C","C"]
[null,null,"Hydrofluosilicic Acid (61%)",10,91.144822476000002,1460,null,0,"Not Defined","-","D","D","-","C","D","B","A","-","D","-","-","D","-","A","B","D","D","-","-","A","-","A","D","-","A","B","-","B","A","A","C"]
[null,null,"Hydrogen Gas ",null,{"$f":"F136*0.0624279606","v":0},null,null,0,304,"A","A","A","-","A","-","C","D","-","-","-","-","-","C","A","-","-","-","-","-","-","-","A","-","-","-","-","D","A","-","-","-"]
[null,null,"Hydrogen Peroxide ",25,91.332106357800001,1463,null,0,304,"-","A","B","A","A","-","-","A","-","B","B","A","A","-","A","-","-","-","-","-","-","-","-","-","-","A","-","-","-","-","-","A"]
[null,null,"Hydrogen Peroxide (10%) ",25,91.332106357800001,1463,null,0,"Not Defined","-","C","C","-","A","B","A","D","D","D","D","C","A","C","A","B","D","D","-","B","A","C","-","A","A","A","D","C","D","C","C","A"]
[null,null,"Hydrogen Peroxide (30%) ",25,91.332106357800001,1463,null,0,"Not Defined","-","-","B","-","-","C","A","D","D","D","-","-","A","A","A","-","-","D","-","A","-","B","A","A","-","-","A","-","D","-","C","D"]
[null,null,"Hydrogen Sulfide, Aqueous Solution ",null,0,null,null,0,316,"-","D","A","C","C","B","A","-","D","-","-","-","A","-","A","-","-","D","-","-","A","C","-","-","-","A","D","-","C","-","-","B"]
[null,null,"Hydroxyacetic Acid (70%) ",null,0,null,null,0,"Not Defined","-","-","-","-","D","A","A","D","C","D","-","A","A","B","A","A","D","D","-","B","A","A","A","A","A","D","C","-","B","A","D","A"]
[null,null,"Ink ",null,0,null,null,0,304,"A","A","A","-","C","B","-","-","-","-","-","-","A","-","-","-","D","-","-","-","-","-","A","A","-","A","A","-","A","A","-","A"]
[null,null,"Iodine ",25,307.600041705168,4927.28,null,0,"Not Defined","-","D","D","D","D","-","-","C","-","D","D","-","-","-","-","B","A","A","-","B","-","-","A","A","A","A","A","-","A","-","-","A"]
[null,null,"Iso-Octane",20,43.200148735200003,692,null,0,304,"-","A","A","-","A","A","B","D","-","D","-","-","D","B","A","A","C","D","D","D","D","-","D","A","-","A","B","-","D","B","D","A"]
[null,null,"Isopropyl Acetate ",25,54.312325721999997,870,null,0,"Not Defined","-","-","B","-","C","-","-","A","A","-","-","A","A","A","A","D","-","A","-","-","A","A","-","-","-","A","A","D","-","-","A","-"]
[null,null,"Isopropyl Ether2 ",25,45.260271435,725,null,0,"Steel","A","-","A","-","A","-","-","-","-","-","-","-","-","-","-","-","A","-","-","-","-","-","A","A","-","D","D","-","D","B","D","A"]
[null,null,"Isotane2 ",null,0,null,null,0,"Not Defined","-","-","-","-","A","-","-","A","-","-","A","-","-","-","A","D","A","-","-","-","D","-","A","A","-","D","B","-","D","D","D","-"]
[null,null,"Jet Fuel (JP#, JP4, JP5) ",15,49.942368479999999,800,null,0,"Steel","A","A","A","-","A","-","-","-","-","-","-","-","-","-","-","D","A","-","-","-","D","-","-","A","-","A","A","-","-","-","D","A"]
[null,null,"Kerosene2 ",20,50.192080322400003,804,2.4,0,304,"A","A","A","A","A","-","-","A","-","A","A","A","A","-","A","D","A","A","-","-","D","A","A","A","-","A","A","D","D","D","D","A"]
[null,null,"Ketones ",null,0,null,null,0,"Steel","A","A","A","-","B","A","A","A","A","A","B","A","A","D","A","D","A","A","B","D","D","A","A","A","A","A","A","D","D","A","D","A"]
[null,null,"Lacquer Thinners ",25,54.062613879600001,866,null,0,316,"-","-","A","-","-","A","A","A","-","A","A","D","D","D","A","D","B","A","-","D","D","A","C","A","-","D","D","-","D","D","C","C"]
[null,null,"Lacquers ",null,0,null,null,0,304,"A","A","A","-","A","A","A","-","C","-","-","-","C","-","A","D","-","A","-","-","B","-","-","A","-","-","D","-","D","A","-","-"]
[null,null,"Lactic Acid ",null,0,null,null,0,304,"A","A","B","C","C","-","-","A","C","C","C","-","-","D","-","C","A","A","-","-","A","-","A","A","-","D","D","-","D","-","D","A"]
[null,null,"Lard ",null,0,null,null,0,304,"B","A","A","A","A","A","A","D","-","D","D","C","A","B","A","A","B","C","-","B","A","A","A","A","-","B","B","-","A","B","A","A"]
[null,null,"Latex ",null,0,null,null,0,304,"-","A","A","-","A","-","-","A","-","A","C","-","A","-","-","-","A","A","C","-","A","-","A","A","-","A","A","C","B","-","D","A"]
[null,null,"Ligroin",25,43.699572419999996,700,null,0,316,"-","-","A","-","-","-","-","A","-","-","-","-","-","-","-","A","A","A","-","B","-","-","-","A","-","A","A","-","C","A","-","A"]
[null,null,"Linolenic Acid",25,55.997880658199996,897,null,0,316,"-","B","A","-","A","-","-","A","-","-","-","-","-","-","-","D","A","-","-","-","D","-","-","A","-","A","A","-","B","A","D","A"]
[null,null,"Mash ",null,0,null,null,0,316,"-","A","A","-","-","-","-","-","-","-","-","A","A","A","A","-","-","-","A","-","B","-","-","-","-","A","B","B","-","-","D","-"]
[null,null,"Mayonnaise ",null,0,null,null,0,304,"A","A","A","-","D","-","-","A","-","-","-","-","-","-","-","A","A","-","-","-","-","-","A","A","-","-","A","-","A","-","-","A"]
[null,null,"Mercury ",20,847.14742534200002,13570,0.11899999999999999,0,"Steel","A","A","A","A","C","-","-","D","-","D","D","-","-","-","A","A","A","A","B","-","A","-","A","A","-","A","A","-","-","-","-","A"]
[null,null,"Methane",-164,29.029001679,465,null,0,304,"-","A","A","-","A","C","A","D","D","A","A","-","A","-","A","A","A","A","-","B","A","-","A","A","-","A","A","-","A","A","A","A"]
[null,null,"Methyl Acetate ",20,59.868414215400001,959,0.44,0,316,"A","-","A","-","A","-","A","A","A","-","-","A","B","-","A","-","-","A","-","-","A","-","-","-","-","A","A","D","-","-","D","-"]
[null,null,"Methyl Acetone ",null,0,null,null,0,"Steel","A","-","A","-","A","-","A","A","-","-","B","-","-","-","A","-","A","-","D","-","-","-","A","A","-","D","D","D","B","B","D","-"]
[null,null,"Methyl Acrylate ",25,59.681130333599995,956,null,0,"Not Defined","-","-","-","-","-","-","-","A","-","A","A","-","-","-","A","D","A","-","-","-","-","-","-","A","-","D","D","-","D","-","-","C"]
[null,null,"Methyl Bromide ",0,108.00037183799999,1730,null,0,"Not Defined","-","-","-","-","-","-","-","-","-","-","-","-","-","-","-","-","A","-","-","-","-","-","A","A","-","D","D","-","B","B","D","A"]
[null,null,"Methyl Butyl Ketone ",25,50.254508283,805,null,0,316,"-","-","A","-","A","-","-","-","-","-","-","-","-","-","-","-","A","-","-","D","-","-","A","A","-","A","B","-","D","D","D","B"]
[null,null,"Methyl Cellosolve ",25,60.242981979,965,null,0,"Not Defined","-","-","-","-","A","-","-","-","-","-","-","-","-","-","-","D","B","-","-","-","-","-","A","A","-","D","D","C","D","A","D","B"]
[null,null,"Methyl Chloride ",20,82.779475755600004,1326,0.9,0,304,"-","A","A","-","D","-","-","A","-","-","-","-","-","-","-","C","B","-","-","-","A","-","A","A","-","D","D","-","D","B","D","C"]
[null,null,"Methyl Dichloride ",25,82.779475755600004,1326,null,0,"Not Defined","-","-","-","-","-","A","A","A","-","-","-","A","D","-","A","D","A","A","-","D","D","-","A","A","-","A","D","D","D","C","D","A"]
[null,null,"Methyl Ethyl Ketone ",25,50.254508283,805,null,0,304,"-","A","A","-","A","-","-","-","-","-","-","-","-","-","-","D","A","-","-","-","-","-","A","A","-","A","D","-","D","D","D","A"]
[null,null,"Methyl Isobutyl Ketone",20,49.992310848479995,800.8,null,0,316,"-","-","A","-","-","A","A","A","-","-","-","D","D","-","A","D","B","A","D","D","A","A","A","A","-","D","D","C","D","A","D","B"]
[null,null,"Methyl Isopropyl Ketone ",20,50.45427775692,808.2,null,0,316,"-","-","A","-","-","A","A","-","-","-","-","D","D","-","A","D","B","A","D","-","C","A","A","A","-","D","D","C","D","C","D","B"]
[null,null,"Methyl Methacrylate ",25,58.682282963999995,940,null,0,"Not Defined","-","-","-","-","-","-","-","-","-","-","-","-","-","-","-","D","B","A","-","-","-","-","A","A","-","D","D","B","D","B","D","B"]
[null,null,"Methylamine (40% water)",-10.8,56.310020461199997,902,null,0,316,"A","-","A","-","A","-","-","-","-","-","-","-","-","-","-","-","A","-","-","-","-","-","A","A","-","D","D","-","D","D","D","A"]
[null,null,"Methylene Chloride ",25,82.779475755600004,1326,null,0,304,"A","A","A","-","A","-","-","D","-","B","B","-","-","-","-","B","D","-","-","-","-","-","A","A","-","-","B","-","-","-","-","A"]
[null,null,"Milk ",20,64.612939221000005,1035,1.1299999999999999,0,304,"A","A","A","A","A","A","A","A","C","-","B","D","D","-","A","D","A","D","-","D","D","-","A","A","-","D","D","-","D","D","D","A"]
[null,null,"Molasses ",null,0,null,null,0,"Steel","A","A","A","A","A","-","-","C","C","D","D","-","A","-","-","A","A","A","B","B","A","-","A","A","A","A","A","B","A","A","A","A"]
[null,null,"Mustard ",null,0,null,null,0,304,"A","A","A","A","B","-","-","A","B","A","A","-","A","-","-","B","A","A","-","B","A","-","A","A","A","A","A","-","A","-","-","A"]
[null,null,"N,N-Dimethylformamide",20,59.2441346094,949,null,0,304,"-","A","B","-","A","-","-","B","-","C","B","-","A","-","-","B","B","A","B","-","A","-","A","A","-","A","B","C","C","-","-","A"]
[null,null,"Naptha ",15,41.500235368062,664.77,null,0,304,"A","A","A","A","A","-","-","-","-","-","-","D","D","-","A","D","-","A","D","-","A","A","-","-","-","C","D","C","-","A","C","-"]
[null,null,"Napthalene ",25,51.20029188609,820.15,null,0,"Steel","B","A","B","-","B","A","A","B","-","B","B","A","A","C","A","D","A","A","C","D","A","A","A","A","-","A","B","D","D","D","D","A"]
[null,null,"Nitric Acid (10% Solution) ",25,94.453504387799995,1513,null,0,304,"A","A","A","A","D","A","A","C","-","B","A","A","D","-","A","D","A","-","-","D","B","A","A","A","-","B","D","-","D","D","D","A"]
[null,null,"Nitric Acid (20% Solution) ",25,94.453504387799995,1513,null,0,304,"-","A","A","A","D","A","A","D","-","D","D","A","A","B","A","A","D","D","C","B","A","D","C","B","D","A","D","-","D","B","D","A"]
[null,null,"Nitric Acid (50% Solution) ",25,94.453504387799995,1513,null,0,304,"-","A","A","A","D","A","A","D","-","D","-","B","A","B","A","A","D","D","D","B","A","C","D","C","D","A","D","-","D","D","D","B"]
[null,null,"Nitric Acid (Concentrated Solution) ",null,0,null,null,0,"Not Defined","-","D","B","A","B","A","A","D","-","D","-","B","A","B","A","A","D","D","D","C","D","C","D","A","-","A","D","-","D","D","D","D"]
[null,null,"Nitrobenzene",20,75.100836601799998,1203,1.67,0,304,"B","A","B","-","C","A","B","D","D","D","-","-","D","C","A","D","D","D","D","D","D","C","D","A","C","B","D","-","D","D","D","D"]
[null,null,"Ocimene",25,49.817512558799997,798,null,0,"Not Defined","-","-","-","-","-","A","B","D","-","B","B","D","D","D","A","D","B","C","D","D","C","B","A","A","-","D","D","D","D","D","D","B"]
[null,null,"Octane",20,43.824428341199997,702,0.80500000000000005,0,"Not Defined","-","-","-","-","-","-","-","-","-","-","-","-","-","-","-","-","-","-","-","-","-","-","-","-","-","-","-","-","-","-","-","-"]
[null,null,"o-Dichlorobenzene",20,81.5309165436,1306,null,0,316,"-","-","B","-","B","-","-","-","-","-","-","-","-","-","-","-","-","-","-","-","-","-","-","-","-","-","-","-","-","-","-","-"]
[null,null,"Oil, Aniline ",25,63.801375733199997,1022,null,0,304,"-","A","A","-","C","-","A","B","-","-","-","A","D","-","A","-","-","D","D","-","C","-","-","-","-","C","D","D","-","C","D","-"]
[null,null,"Oil, Anise ",null,0,null,null,0,304,"-","A","A","-","-","A","D","A","-","A","-","-","D","-","A","D","D","C","D","-","A","-","A","A","-","A","D","-","D","B","D","A"]
[null,null,"Oil, Bay ",null,0,null,null,0,304,"-","A","A","-","-","-","-","-","-","-","-","-","-","-","-","-","A","-","-","-","-","-","A","A","-","-","-","-","D","-","-","A"]
[null,null,"Oil, Bone ",null,0,null,null,0,304,"-","A","A","-","-","-","-","-","-","-","-","-","-","-","-","-","A","-","-","-","-","-","A","A","-","A","-","-","D","-","-","A"]
[null,null,"Oil, Castor ",20,59.930842175999999,960,1017,0,304,"-","A","A","-","A","-","-","A","-","-","-","-","-","-","-","-","A","-","-","-","-","-","A","A","-","A","A","-","D","-","-","A"]
[null,null,"Oil, Cinnamon ",null,0,null,null,0,304,"-","A","A","-","-","-","-","A","-","A","-","-","A","-","-","-","A","-","-","-","-","-","A","A","A","A","A","-","A","B","A","A"]
[null,null,"Oil, Citric ",null,0,null,null,0,304,"-","A","A","-","-","-","-","-","-","-","-","-","-","-","A","-","A","-","-","-","A","-","A","A","-","D","-","-","D","-","-","A"]
[null,null,"Oil, Clove ",null,0,null,null,0,304,"-","A","A","-","-","-","-","D","-","D","-","-","-","-","-","-","A","A","-","-","A","-","A","A","-","A","A","-","D","-","-","A"]
[null,null,"Oil, Coconut ","15 C",57.700291143761994,924.27,null,0,304,"-","A","A","-","B","-","-","-","-","-","-","-","-","-","-","-","A","A","-","-","B","-","A","A","-","-","A","-","-","-","-","A"]
[null,null,"Oil, Cod Liver ",null,0,null,null,0,304,"-","A","A","-","B","-","-","A","-","A","-","-","-","-","-","-","A","A","-","-","A","-","A","A","-","A","A","-","A","A","D","A"]
[null,null,"Oil, Corn ",null,{"$f":"F200*0.0624279606","v":0},null,null,0,304,"-","A","A","A","B","-","-","-","-","-","-","-","-","-","-","-","A","A","C","-","A","-","A","A","-","A","A","-","B","A","D","A"]
[null,null,"Oil, Cotton Seed ",20,57.808291515599997,926,79,0,304,"B","A","A","A","B","-","-","B","-","A","-","-","-","-","-","-","A","A","C","-","A","-","A","A","-","A","A","-","D","C","D","A"]
[null,null,"Oil, Creosote",15,66.610633960200005,1067,null,0,304,"-","A","A","-","A","-","-","B","-","A","C","-","A","-","A","-","A","A","C","-","A","A","A","A","-","A","A","-","D","C","D","A"]
[null,null,"Oil, Crude 32.6o API",60,53.812902037199997,862,null,0,"Steel","-","-","-","-","-","-","-","-","-","-","-","-","-","-","-","-","D","-","-","-","D","-","A","A","-","A","A","-","B","D","D","A"]
[null,null,"Oil, Crude 35.6o API",60,52.876482628200002,847,null,0,"Steel","-","-","-","-","-","A","A","-","-","-","A","-","-","-","-","-","-","-","-","-","-","-","-","-","-","A","A","-","-","-","A","-"]
[null,null,"Oil, Crude 40o API",60,51.503067494999996,825,null,0,"Steel","-","-","-","-","-","A","A","-","-","-","A","-","-","-","-","-","-","-","-","-","-","-","-","-","-","A","A","-","-","-","A","-"]
[null,null,"Oil, Crude 48o API",60,49.318088873999997,790,null,0,"Steel","-","-","-","-","-","A","A","-","-","-","A","-","-","-","-","-","-","-","-","-","-","-","-","-","-","A","A","-","-","-","A","-"]
[null,null,"Oil, Crude California",60,57.121583948999998,915,null,0,"Steel","-","-","-","-","-","A","A","-","-","-","A","-","-","-","-","-","-","-","-","-","-","-","-","-","-","A","A","-","-","-","A","-"]
[null,null,"Oil, Crude Mexican",60,60.7424056638,973,null,0,"Steel","-","-","-","-","-","A","A","-","-","-","A","-","-","-","-","-","-","-","-","-","-","-","-","-","-","A","A","-","-","-","A","-"]
[null,null,"Oil, Crude Texas",60,54.499609603799996,873,null,0,"Steel","-","-","-","-","-","A","A","-","-","-","A","-","-","-","-","-","-","-","-","-","-","-","-","-","-","A","A","-","-","-","A","-"]
[null,null,"Oil, Diesel Fuel (2D, 3D, 4D, 5D) ",null,0,null,null,0,304,"-","A","A","-","A","A","A","-","-","-","A","-","-","-","-","-","-","-","-","-","-","-","-","-","-","A","A","-","-","-","A","-"]
[null,null,"Oil, Fuel (1, 2, 3, 5A, 5B, 6) ",null,0,null,null,0,304,"-","A","A","-","A","-","-","A","-","-","-","-","-","-","-","D","A","A","-","-","A","A","A","A","-","A","A","-","D","D","D","A"]
[null,null,"Oil, Ginger ",null,0,null,null,0,304,"-","A","A","-","-","A","A","A","-","-","-","-","A","-","A","D","A","-","-","-","B","-","A","A","-","A","B","-","D","D","D","A"]
[null,null,"Oil, Hydraulic (See Hydraulic) ",null,0,null,null,0,"Not Defined","-","-","-","-","-","-","-","-","-","-","-","-","-","-","-","-","A","-","-","-","-","-","A","A","-","A","A","-","A","-","-","A"]
[null,null,"Oil, Lemon ",null,0,null,null,0,304,"-","A","A","-","-","-","-","-","-","-","-","-","-","-","-","-","-","-","-","-","-","-","-","-","-","-","-","-","-","-","-","-"]
[null,null,"Oil, Linseed ",20,57.433723751999999,920,47,0,304,"-","A","A","A","A","-","-","-","-","-","-","-","-","-","-","-","A","-","-","-","D","-","A","A","-","A","-","-","D","-","-","A"]
[null,null,"Oil, Mineral ",null,0,null,null,0,304,"A","A","A","A","A","-","-","A","-","A","-","-","A","B","-","-","A","A","C","-","A","-","A","A","A","A","A","-","D","D","D","A"]
[null,null,"Oil, Oleic Acid ",null,0,null,null,0,304,"B","A","A","B","B","-","-","A","-","A","B","-","A","-","-","B","A","A","-","-","B","A","A","A","A","A","A","-","B","D","D","A"]
[null,null,"Oil, Oleum ",null,0,null,null,0,316,"B","-","A","-","B","-","B","B","C","C","C","-","A","C","A","C","B","A","B","D","C","-","A","A","-","D","B","D","D","D","D","A"]
[null,null,"Oil, Oleum (25%) ",null,0,null,null,0,"Not Defined","-","-","-","-","-","-","-","C","C","-","B","D","D","-","A","-","D","-","-","-","D","-","-","A","-","A","C","D","D","D","D","A"]
[null,null,"Oil, Olive ",20,56.809444145999997,910,91.5,0,304,"A","A","A","-","A","-","A","-","-","-","-","B","D","-","A","D","-","-","-","-","-","-","-","A","-","A","D","D","D","D","-","D"]
[null,null,"Oil, Orange ",null,0,null,null,0,304,"-","A","A","-","-","-","-","B","-","A","B","-","A","-","A","-","A","A","-","-","A","-","A","A","-","A","A","C","B","-","D","A"]
[null,null,"Oil, Oxalic Acid (Cold) ",null,0,null,null,0,304,"C","A","B","A","C","-","-","-","-","-","-","-","-","-","A","-","A","A","-","-","A","-","A","A","-","A","A","-","D","-","-","A"]
[null,null,"Oil, Palm ",null,0,null,null,0,304,"-","A","A","-","A","C","B","B","C","D","D","-","A","B","A","C","C","D","-","A","A","-","A","A","-","A","B","C","B","A","C","A"]
[null,null,"Oil, Paraffin ",20,50.192080322400003,804,2.4,0,304,"A","A","A","A","A","-","-","B","-","-","-","-","A","-","-","-","A","A","-","-","-","-","A","A","-","A","A","-","D","-","-","A"]
[null,null,"Oil, Peanut",null,0,null,null,0,304,"-","A","A","-","A","-","-","A","-","B","B","A","A","-","A","B","A","A","B","-","A","-","A","A","-","A","A","-","-","-","-","A"]
[null,null,"Oil, Pentane ",null,0,null,null,0,"Steel","A","C","C","-","A","-","-","A","-","A","-","-","A","-","-","-","A","-","-","-","D","-","A","A","-","A","A","-","D","-","D","A"]
[null,null,"Oil, Peppermint",null,0,null,null,0,304,"-","A","A","-","-","-","B","A","-","B","B","-","-","-","A","D","A","A","D","-","-","-","A","A","-","A","A","-","B","D","D","A"]
[null,null,"Oil, Perchloroethylene ",null,0,null,null,0,304,"B","A","A","-","A","-","-","A","-","-","-","-","-","-","-","-","A","-","-","-","D","-","A","A","-","A","D","-","D","-","-","A"]
[null,null,"Oil, Petrolatum ",null,0,null,null,0,316,"A","-","A","-","B","-","-","C","-","B","B","A","-","-","A","D","A","-","D","-","D","A","A","A","-","A","C","D","D","D","D","A"]
[null,null,"Oil, Phenol (10%) ",null,0,null,null,0,304,"B","A","A","-","A","-","-","B","-","C","C","-","-","-","A","D","A","A","B","-","-","-","A","A","-","A","A","-","B","A","D","A"]
[null,null,"Oil, Phenol (Carbolic Acid) ",null,0,null,null,0,304,"B","A","A","A","B","-","B","C","-","B","D","-","A","C","A","-","-","D","-","-","-","A","-","-","-","B","D","-","C","D","C","C"]
[null,null,"Oil, Phosphoric Acid (40%-100% Solution) ",null,0,null,null,0,316,"-","C","B","B","D","C","A","B","D","D","D","A","A","C","A","C","D","D","-","D","B","A","A","D","A","A","D","-","D","D","D","B"]
[null,null,"Oil, Phosphoric Acid (Crude) ",null,0,null,null,0,"Not Defined","-","D","C","C","D","B","A","D","D","D","-","-","A","B","A","A","D","D","D","C","A","A","B","D","D","A","D","-","D","B","C","C"]
[null,null,"Oil, Phosphoric Acid (to 40% Solution) ",null,0,null,null,0,316,"-","B","A","A","D","C","A","D","D","D","D","A","-","-","A","-","D","D","D","C","-","A","C","D","-","A","D","-","D","B","-","A"]
[null,null,"Oil, Phosphoric Anhydride (Dry or Moist) ",null,0,null,null,0,304,"-","A","A","-","-","A","A","D","D","D","-","-","A","B","A","A","D","D","C","B","A","A","B","C","D","A","D","-","D","B","C","A"]
[null,null,"Oil, Phosphoric Anhydride (Molten) ",null,0,null,null,0,304,"-","A","A","-","D","-","-","-","D","-","-","-","D","D","A","-","-","-","-","-","-","-","A","-","-","D","D","-","D","-","A","-"]
[null,null,"Oil, Photographic Developer ",null,0,null,null,0,316,"-","C","A","C","C","-","-","D","D","-","-","-","D","-","A","-","-","A","-","D","-","-","-","-","-","D","C","-","D","-","D","A"]
[null,null,"Oil, Phthalic Anhydride ",null,0,null,null,0,304,"B","A","B","-","B","A","A","-","-","D","-","-","A","-","-","A","C","-","-","B","A","-","A","A","-","A","A","-","A","-","-","A"]
[null,null,"Oil, Picric Acid ",null,0,null,null,0,304,"B","A","A","-","C","-","A","B","-","C","C","-","-","-","A","-","-","A","-","-","-","-","-","-","-","A","C","-","-","-","-","-"]
[null,null,"Oil, Pine ",null,0,null,null,0,304,"A","A","A","-","A","-","A","D","D","D","D","-","A","A","A","-","-","A","-","A","-","-","-","-","-","A","A","D","A","-","A","A"]
[null,null,"Oil, Rape Seed ",20,57.433723751999999,920,178,0,304,"-","A","A","-","-","-","-","D","-","C","B","-","A","-","A","-","A","-","-","-","-","-","A","A","-","A","A","-","D","-","D","A"]
[null,null,"Oil, Rosin ",15,61.179401388000002,980,null,0,304,"-","A","A","-","A","-","-","A","-","-","-","-","A","-","-","-","A","-","-","-","-","-","A","A","-","A","B","-","D","-","D","A"]
[null,null,"Oil, SAE 40",20,56.185164540000002,900,900,0,"Steel","-","-","-","-","-","-","-","-","-","-","-","-","-","-","-","-","A","A","-","-","A","-","A","A","-","A","A","-","-","-","-","A"]
[null,null,"Oil, Sesame Seed ",null,0,null,null,0,304,"-","A","A","-","A","A","A","-","-","-","A","-","-","-","-","-","-","-","-","-","-","-","-","-","-","A","A","-","-","-","A","-"]
[null,null,"Oil, Silicone ",null,47.445250055999999,760,null,0,304,"-","A","A","-","-","-","-","A","-","A","-","-","A","-","-","-","A","-","-","-","-","-","A","A","-","A","A","-","D","-","-","A"]
[null,null,"Oil, Soybean ",20,57.808291515599997,926,75,0,304,"-","A","A","-","A","-","-","A","-","A","-","-","-","-","-","A","A","A","-","-","A","-","A","A","A","A","A","-","A","-","A","A"]
[null,null,"Oil, Sperm ",15,57.745863555,925,null,0,304,"-","A","A","-","-","-","-","B","-","A","-","-","A","-","-","-","A","A","-","-","A","-","A","A","-","A","A","-","D","-","D","A"]
[null,null,"Oil, Tanning ",null,0,null,null,0,304,"-","A","A","-","-","-","-","A","-","-","-","-","A","-","-","-","A","-","-","-","-","-","A","A","-","A","A","-","D","-","-","A"]
[null,null,"Oil, Turbine ",null,0,null,null,0,304,"-","A","A","-","A","-","-","-","-","-","-","-","-","-","-","-","A","-","-","-","-","-","A","A","-","A","A","-","D","-","-","A"]
[null,null,"Oxygen (liquid)",-183,71.167875084000002,1140,null,0,"Not Defined","-","-","D","-","D","-","-","A","-","A","-","-","A","-","-","-","A","-","C","-","-","-","A","A","-","A","A","-","D","-","D","A"]
[null,null,"Palmitic Acid",25,53.126194470599998,851,null,0,316,"-","B","A","-","B","-","-","-","A","-","-","A","A","-","D","-","-","-","-","-","-","-","-","-","-","D","D","-","-","-","-","-"]
[null,null,"Pentane",20,39.079903335600001,626,0.36,0,"Not Defined","-","C","C","-","B","-","B","A","D","-","-","A","B","B","A","-","-","A","A","-","B","-","-","-","-","A","A","D","-","-","B","-"]
[null,null,"Petroleum Ether",20,39.953894783999999,640,null,0,"Not Defined","-","-","-","-","-","-","A","C","-","-","-","A","A","A","A","-","-","A","-","-","D","-","-","-","-","A","A","D","-","-","D","-"]
[null,null,"Phenol (10%)",20,67.297341526799997,1078,11.3,0,304,"-","B","B","-","A","-","-","-","-","-","-","-","-","-","-","-","-","-","-","-","-","-","-","-","-","-","-","-","-","-","-","-"]
[null,null,"Phosgene",0,86.025729706799993,1378,null,0,"Not Defined","-","-","-","-","-","-","B","B","-","D","D","A","C","C","A","-","-","D","D","-","B","A","-","A","-","A","D","D","-","-","A","-"]
[null,null,"Phytadiene",25,51.378211573800002,823,null,0,"Not Defined","-","-","-","-","-","-","-","-","-","-","-","-","-","-","-","-","-","-","-","-","-","-","-","-","-","-","-","-","-","-","-","-"]
[null,null,"Pinene",25,53.500762234199996,857,null,0,"Not Defined","-","-","-","-","-","-","-","-","-","-","-","-","-","-","-","-","-","-","-","-","-","-","-","-","-","-","-","-","-","-","-","-"]
[null,null,"Propane (Liquified) ",-40,30.808198556099999,493.5,null,0,"Steel","-","A","A","-","A","-","-","-","-","-","-","-","-","-","-","-","-","-","-","-","-","-","-","-","-","-","-","-","-","-","-","-"]
[null,null,"Propane (Liquified)",null,0,null,null,0,304,"A","A","-","A","A","-","A","A","A","A","A","A","A","-","A","A","-","A","-","-","A","-","-","-","-","A","A","-","-","-","D","-"]
[null,null,"Propanol",20,50.192080322400003,804,2.8,0,"Not Defined","-","-","-","-","-","-","-","A","A","-","B","-","D","-","A","D","A","A","-","-","D","-","A","A","-","A","A","D","B","D","D","A"]
[null,null,"Propylene",25,32.112942932639996,514.4,null,0,"Steel","-","B","A","-","A","-","-","-","-","-","-","-","-","-","-","-","-","-","-","-","-","-","-","-","-","-","-","-","-","-","-","-"]
[null,null,"Propylene glycol",20,64.800223102800004,1038,54,1,"Steel","-","B","B","-","B","-","-","-","A","A","A","A","B","B","A","-","-","-","-","-","-","-","-","-","-","A","D","D","-","-","D","-"]
[null,null,"Propylenearbonate",20,74.975980680600003,1201,null,0,"Not Defined","-","-","-","-","-","A","B","A","-","A","A","-","C","-","A","-","-","A","B","-","A","-","-","A","A","A","A","A","-","-","A","-"]
[null,null,"Pyridine",25,{"$f":"F264*0.0624279606","v":61.116973427399998},979,null,0,"Steel","-","A","A","-","B","-","-","-","-","-","-","-","-","-","-","-","-","-","-","-","-","-","-","-","-","-","-","-","-","-","-","-"]
[null,null,"Pyridine ",25,61.100117878037999,978.73,null,0,"Steel","-","C","-","B","B","B","B","B","B","A","A","D","D","D","A","B","-","C","-","-","A","A","-","A","-","D","D","D","-","-","D","-"]
[null,null,"Pyrogallic Acid ",null,0,null,null,0,304,"B","A","A","A","B","-","-","-","-","B","A","D","-","D","A","D","D","-","-","C","B","A","A","A","-","D","D","-","D","B","D","A"]
[null,null,"Pyrrole",25,60.305409939599997,966,null,0,"Not Defined","-","-","-","-","-","-","A","B","-","B","B","-","A","-","A","-","D","A","-","-","-","-","A","A","-","A","A","-","-","-","-","A"]
[null,null,"Resorcinol",25,79.221082001399992,1269,null,0,"Not Defined","-","-","-","-","-","-","-","-","-","-","-","-","-","-","-","-","-","-","-","-","-","-","-","-","-","-","-","-","-","-","-","-"]
[null,null,"Rosins ",15,61.179401388000002,980,null,0,304,"A","A","A","A","A","-","-","-","-","-","-","-","C","C","A","-","-","D","A","-","A","-","-","-","-","A","-","-","-","-","-","-"]
[null,null,"Rum ",null,0,null,null,0,304,"-","A","-","A","-","-","B","A","C","-","C","-","-","-","A","-","B","A","-","-","A","-","A","A","-","-","A","-","-","-","-","A"]
[null,null,"Rust Inhibitors ",null,0,null,null,0,304,"-","A","-","A","-","-","-","-","-","-","-","-","A","-","-","A","A","A","-","-","A","-","A","A","-","A","A","-","A","-","-","A"]
[null,null,"Salad Dressing ",null,0,null,null,0,304,"-","A","-","A","B","-","-","A","-","A","-","-","-","-","-","-","A","-","-","-","A","-","A","A","-","A","A","-","C","-","-","A"]
[null,null,"Sea water",20,63.988659614999996,1025,1.044,1,304,"A","A","C","A","C","-","-","B","-","D","-","-","A","-","-","A","A","A","-","-","A","-","A","A","-","A","A","-","-","-","-","A"]
[null,null,"Shellac (Bleached) ",null,0,null,null,0,"Steel","A","A","-","A","A","A","-","C","-","-","D","-","A","-","A","A","A","A","-","B","A","-","A","A","A","A","A","B","B","A","A","A"]
[null,null,"Shellac (Orange) ",null,0,null,null,0,"Steel","A","A","-","A","A","-","-","A","B","B","A","-","-","-","A","-","A","A","-","-","A","-","-","A","-","-","A","-","-","-","-","A"]
[null,null,"Silicone ",null,0,null,null,0,304,"-","B","-","A","B","-","-","A","C","C","A","-","-","-","A","-","A","A","-","-","A","-","-","A","-","-","A","-","-","-","-","A"]
[null,null,"Silver Bromide ",null,0,null,null,0,"Not Defined","-","C","C","B","D","-","-","A","-","-","-","-","-","-","-","A","A","A","-","-","A","-","A","A","-","A","A","B","A","A","A","A"]
[null,null,"Silver Nitrate ",null,0,null,null,0,304,"B","A","B","A","D","-","-","-","-","-","-","-","-","-","-","A","C","-","-","-","-","-","A","-","-","-","-","-","-","-","-","A"]
[null,null,"Soap Solutions",null,0,null,null,0,"Steel","A","A","A","A","C","A","A","D","-","D","D","A","A","B","A","A","C","A","-","B","A","-","A","A","-","A","C","-","A","C","A","A"]
[null,null,"Soda Ash (See Sodium Carbonate) ",null,0,null,null,0,"Not Defined","-","-","-","-","-","A","B","B","-","B","A","-","B","B","A","A","A","A","-","B","A","A","A","A","A","A","A","B","B","-","C","A"]
[null,null,"Sorghum ",null,0,null,null,0,304,"-","A","A","-","-","-","A","-","-","-","-","-","-","-","-","-","-","-","-","-","-","-","-","-","-","-","-","-","-","-","-","-"]
[null,null,"Soy Sauce ",null,0,null,null,0,304,"-","A","A","-","A","-","-","-","-","A","-","-","-","-","-","-","A","A","-","-","-","-","A","A","-","A","A","-","A","-","-","A"]
[null,null,"Stannic Chloride ",null,0,null,null,0,"Not Defined","D","D","D","-","D","-","-","A","-","D","-","-","-","-","-","A","A","A","-","-","-","-","A","A","-","A","A","-","A","-","D","A"]
[null,null,"Stannic Fluoborate ",null,0,null,null,0,316,"-","-","A","-","-","A","B","D","-","D","D","A","A","-","A","A","C","A","-","B","A","-","-","A","-","A","A","D","A","A","A","A"]
[null,null,"Stannous Chloride ",null,0,null,null,0,"Not Defined","D","D","C","-","D","-","-","-","-","D","-","-","-","-","-","A","C","-","-","-","-","-","-","A","-","A","A","-","A","-","-","A"]
[null,null,"Starch ",null,0,null,null,0,304,"B","A","A","-","A","A","A","D","-","D","D","-","A","A","A","-","-","D","-","A","-","-","-","-","-","B","C","D","D","-","A","A"]
[null,null,"Stearic Acid2 ",25,55.600214549177998,890.63,null,0,304,"B","A","A","A","B","-","-","B","-","C","C","-","A","-","A","A","A","A","-","B","-","-","A","A","-","A","A","-","A","-","-","A"]
[null,null,"Stoddard Solvent ",null,0,null,null,0,304,"A","A","A","A","A","A","A","C","C","C","C","A","A","B","A","A","A","A","-","B","D","-","A","A","A","A","B","D","B","B","C","A"]
[null,null,"Styrene ",20,57.808291515599997,926,0.9,0,"Steel","A","A","A","-","A","A","A","A","A","B","B","A","A","D","A","D","A","A","B","D","D","A","A","A","-","A","B","D","D","D","D","A"]
[null,null,"Sugar (Liquids) ",15,83.5286112828,1338,null,0,304,"A","A","A","A","A","-","-","A","-","-","A","-","-","-","A","A","A","-","-","-","-","-","A","A","-","B","D","D","D","D","D","A"]
[null,null,"Sulfate Liquors ",null,0,null,null,0,"Not Defined","-","C","C","-","B","-","A","A","-","B","B","-","-","-","A","A","A","A","B","-","A","-","A","A","A","A","A","-","B","-","A","A"]
[null,null,"Sulfur Chloride ",null,0,null,null,0,"Not Defined","-","D","D","D","D","-","A","C","-","-","-","-","-","-","-","-","D","-","-","-","A","-","A","A","-","-","-","-","C","-","-","A"]
[null,null,"Sulfur Dioxide (Dry) ",null,0,null,null,0,304,"A","A","A","-","A","-","-","C","D","-","-","-","A","C","A","A","D","A","-","A","D","-","A","C","-","A","D","-","D","D","D","C"]
[null,null,"Sulfur Dioxide2 ",null,0,null,null,0,304,"-","A","A","C","A","-","A","A","C","A","B","-","D","-","A","-","-","A","-","D","-","-","A","A","-","D","-","-","D","-","D","D"]
[null,null,"Sulfur Trioxide (Dry) ",null,0,null,null,0,304,"A","A","C","-","A","A","B","B","-","-","-","B","D","B","A","D","B","D","D","C","D","A","A","A","-","D","D","C","B","A","D","A"]
[null,null,"Sulfuric Acid (75%-100%) ",20,114.80501954339999,1839,14.6,0,"Not Defined","-","-","D","-","-","-","-","B","-","B","B","-","A","B","A","D","D","D","-","-","-","-","B","A","-","A","D","-","D","B","C","A"]
[null,null,"Sulfurous Acid ",null,0,null,null,0,"Not Defined","C","C","B","C","C","D","B","-","D","-","-","A","B","-","A","A","-","D","-","-","B","C","-","A","-","A","D","-","D","-","-","D"]
[null,null,"Sulfuryl Chloride ",null,0,null,null,0,"Not Defined","-","-","-","-","-","A","B","D","-","D","D","-","A","B","A","A","D","D","-","B","A","-","B","A","-","A","C","D","B","B","C","A"]
[null,null,"Syrup ",null,0,null,null,0,304,"-","A","A","A","A","-","-","-","-","-","-","-","A","-","A","-","-","-","-","-","-","-","-","A","-","-","-","-","-","-","-","A"]
[null,null,"Tallow ",null,0,null,null,0,304,"-","A","A","-","A","-","-","D","-","-","-","-","A","-","-","A","A","A","B","-","A","-","A","A","A","A","A","-","B","-","A","A"]
[null,null,"Tannic Acid ",null,0,null,null,0,304,"B","A","A","A","C","-","-","-","-","-","-","-","-","-","-","A","A","A","-","C","-","-","A","A","-","A","A","-","-","-","-","A"]
[null,null,"Tanning Liquors ",null,0,null,null,0,304,"-","A","A","-","C","A","B","B","-","C","C","A","A","B","A","A","B","D","-","B","A","-","A","A","A","A","D","C","A","A","A","A"]
[null,null,"Tartaric Acid ",null,0,null,null,0,304,"B","A","B","B","C","A","A","A","-","-","-","-","A","B","A","-","B","-","-","-","A","-","A","A","-","A","C","-","-","-","-","A"]
[null,null,"Tetrachlorethane ",20,99.447741235799995,1593,1.1000000000000001,0,"Not Defined","-","-","A","-","-","A","B","A","C","D","D","A","A","B","A","A","B","A","-","B","A","-","A","A","-","A","D","C","A","-","A","A"]
[null,null,"Tetrahydrofuran ",20,55.436029012799999,888,null,0,"Steel","-","A","A","-","D","A","A","-","-","-","-","-","D","-","A","D","A","A","-","-","A","-","A","A","-","A","D","-","-","D","D","A"]
[null,null,"Toluene",20,54.125041840199998,867,null,0,"Steel","A","A","A","-","A","-","-","D","-","D","A","D","D","-","A","D","A","A","-","D","C","A","A","A","-","D","D","-","D","B","D","A"]
[null,null,"Tomato Juice ",null,0,null,null,0,304,"A","A","A","-","A","A","A","A","A","A","A","A","D","D","A","D","A","A","D","D","D","A","A","A","A","C","D","D","D","D","D","A"]
[null,null,"Trichlorethane ",null,0,null,null,0,316,"-","C","A","-","C","-","-","C","-","C","C","-","-","-","A","A","B","A","B","-","A","A","A","A","-","A","A","-","A","-","-","A"]
[null,null,"Trichlorethylene",20,91.332106357800001,1463,0.96,0,304,"B","A","A","-","B","A","A","C","-","C","-","-","-","-","A","D","A","-","-","-","-","-","A","A","-","A","D","D","D","D","D","A"]
[null,null,"Trichloropropane ",null,0,null,null,0,316,"-","-","A","-","-","A","A","B","A","C","B","A","D","-","A","D","A","C","D","D","D","C","A","A","C","A","D","D","D","D","D","A"]
[null,null,"Tricresylphosphate ",null,0,null,null,0,316,"-","-","A","-","-","-","-","A","-","-","-","-","-","-","-","D","A","-","D","-","-","-","A","A","-","A","A","-","A","-","-","A"]
[null,null,"Triethylamine ",20,45.422584132559997,727.6,null,0,"Not Defined","-","-","-","-","-","B","A","A","-","-","-","-","D","-","A","A","C","-","-","-","-","-","A","A","-","B","D","-","D","A","-","A"]
[null,null,"Turpentine3 ",25,54.199955392920003,868.2,null,0,304,"B","A","A","-","C","-","-","A","-","-","-","-","A","-","-","B","D","-","-","-","-","-","A","A","-","A","A","D","B","-","-","A"]
[null,null,"Urine ",null,0,null,null,0,304,"-","A","A","-","B","-","A","B","C","B","B","A","A","B","A","D","A","A","-","D","B","A","A","A","-","A","D","-","D","D","D","A"]
[null,null,"Varnish (Use Viton for Aromatic) ",null,0,null,null,0,304,"A","A","A","A","A","-","-","C","-","B","-","-","A","-","-","A","A","A","-","B","A","-","A","A","-","A","A","-","D","A","-","A"]
[null,null,"Vegetable Juice ",null,0,null,null,0,304,"-","A","A","-","A","-","-","A","B","-","C","-","-","-","A","D","A","A","-","-","A","-","A","A","A","A","B","C","D","-","D","A"]
[null,null,"Vinegar ",null,0,null,null,0,304,"A","A","A","A","D","-","-","C","-","D","-","-","-","-","-","A","A","A","-","-","-","-","A","A","-","A","A","B","D","-","D","A"]
[null,null,"Water, Acid, Mine ",null,0,null,null,0,304,"-","A","A","-","C","A","A","B","B","C","D","A","A","-","A","A","B","A","B","B","A","A","A","A","A","A","C","-","B","A","C","A"]
[null,null,"Water, Fresh ",4,62.427960599999999,1000,null,0,304,"A","A","A","-","A","-","-","C","D","C","-","-","A","B","-","A","D","A","B","-","A","B","A","A","-","A","A","-","B","-","B","A"]
[null,null,"Water, Salt",0,64.175943496800002,1028,1.774,0,304,"-","A","A","-","B","-","-","A","C","B","D","-","A","B","A","A","A","A","A","A","A","A","A","A","A","A","A","-","B","A","A","A"]
[null,null,"Weed Killers ",null,0,null,null,0,304,"-","A","A","-","C","-","-","B","C","D","-","-","A","B","-","A","A","A","-","-","A","A","A","A","A","A","A","-","B","A","A","A"]
[null,null,"Whey ",null,0,null,null,0,304,"-","A","A","-","B","-","-","C","-","-","-","-","-","-","-","-","A","A","-","-","-","-","A","A","-","A","B","-","C","-","-","A"]
[null,null,"Whiskey and Wines ",null,0,null,null,0,304,"A","A","A","A","D","-","-","-","-","-","-","-","-","-","-","-","A","-","-","-","-","-","A","A","-","A","A","-","-","-","-","A"]
[null,null,"White Liquor (Pulp Mill) ",null,0,null,null,0,304,"-","A","A","-","-","-","-","B","B","D","D","-","A","-","A","A","A","A","-","B","A","-","A","A","-","A","A","B","A","A","A","A"]
[null,null,"White Water (Paper Mill) ",null,0,null,null,0,304,"-","A","A","-","-","-","A","D","-","C","-","-","A","-","A","A","D","A","-","-","A","-","A","A","-","A","A","-","A","-","-","A"]
[null,null,"Xylene",20,53.937757958399999,864,0.93,0,304,"A","A","A","-","A","-","-","A","-","-","-","-","-","-","-","-","B","A","-","-","A","-","A","A","-","A","-","-","A","-","-","A"]
[null,null,"Zinc Chloride ",null,0,null,null,0,316,"D","D","B","B","D","-","A","A","A","A","B","A","D","-","A","D","A","A","D","D","D","A","A","A","A","A","D","D","D","D","D","A"]
[null,null,"Zinc Hydrosulfite ",null,{"$f":"F328*0.0624279606","v":0},null,null,0,316,"-","-","A","-","D","A","B","D","D","D","D","A","A","-","A","A","C","A","-","B","A","A","A","A","-","A","A","-","A","A","A","A"]
[null,null,"Zinc Sulfate ",null,0,null,null,0,304,"B","A","A","A","D","-","-","D","-","D","-","-","-","-","-","A","C","-","-","-","-","A","A","A","-","-","A","-","A","A","-","A"]
[null,null,null,null,0,null,null,null,null,null,null,null,null,null,"A","B","B","C","C","D","A","C","B","A","A","C","A","-","B","A","A","A","A","-","A","A","-","A","A","C","A"]

{"sheet":"Conversions","index":3,"n_rows":58,"n_cols":10,"rows_kept":58,"cut":false,"hidden":true,"merged":[[36,1,36,2],[36,6,36,7],[56,1,56,2],[56,6,56,7],[57,1,57,2],[57,6,57,7],[37,1,37,2],[38,1,38,2],[29,1,29,2],[29,6,29,7],[32,1,32,2],[35,3,35,4],[25,1,25,2],[25,6,25,7],[26,1,26,2],[26,6,26,7],[28,1,28,2],[28,6,28,7],[27,1,27,2],[27,6,27,7]]}
[]
[]
[]
[]
[]
[]
[]
[]
[]
[]
[]
[]
[]
[]
[]
[]
[]
[]
[]
[]
[]
[]
[]
[]
["(b)","PROCESS DATA"]
[null,{"$f":"'Data Sheet'!B30:C30","v":0},null,"<- Process Fluid",null,null,{"$f":"ROUND(VLOOKUP('Data Sheet'!J30,CalcFlowRate,2)*'Data Sheet'!G30,2)","v":{"$error":"#N/A"}},null,"<- Flow Rate"]
[null,{"$f":"ROUND(VLOOKUP('Data Sheet'!F31,CalcTempOP,2),2)","v":{"$error":"#N/A"}},null,"<- Temp Op","ºF",null,{"$f":"ROUND(VLOOKUP('Data Sheet'!F31,CalcTempDesign,2),2)","v":{"$error":"#N/A"}},null,"<- Temp Design","ºF"]
[null,{"$f":"ROUND(VLOOKUP('Data Sheet'!F32,CalcTempOPMin,2),2)","v":{"$error":"#N/A"}},null,"<- Temp Op Min","ºF",null,{"$f":"ROUND(VLOOKUP('Data Sheet'!J32,CalcTempDesignMin,2),2)","v":{"$error":"#N/A"}},null,"<- Temp Design Min","ºF"]
[null,{"$f":"ROUND(VLOOKUP('Data Sheet'!F33,CalcPressureOP,2),2)","v":{"$error":"#N/A"}},null,"<- Pressure, Op","PSIG",null,{"$f":"ROUND(VLOOKUP('Data Sheet'!F33,CalcPressureDesign,2),2)","v":{"$error":"#N/A"}},null,"<- Pressure, Design","PSIG"]
[null,{"$f":"ROUND(VLOOKUP('Data Sheet'!F34,CalcPressureOPMin,2),2)","v":{"$error":"#N/A"}},null,"<- Pressure, Op","PSIG",null,{"$f":"ROUND(VLOOKUP('Data Sheet'!F34,CalcPressureDesignMin,2),2)","v":{"$error":"#N/A"}},null,"<- Pressure, Design","PSIG"]
[]
["(c)","PARTICULATE PROPERTIES"]
[null,{"$f":"VLOOKUP('Data Sheet'!F37,Data!K82:L85,2)","v":{"$error":"#N/A"}},null,"<- Particle Size","µ"]
[]
[]
["(d)","FLUID PROPERTIES"]
[null,{"$f":"IF('Data Sheet'!B42=\"\",ROUND(VLOOKUP(B26,'Fluid Table'!C7:I329,3),2),(ROUND(VLOOKUP('Data Sheet'!F42,CalcDensity,2),2)))","v":{"$error":"#N/A"}},null,"<-Density @ OP","Lb / ft3"]
[null,{"$f":"IF('Data Sheet'!B43=\"\",Conversions!B37/62.41,'Data Sheet'!B43)","v":{"$error":"#N/A"}},null,"<- SG"]
[null,{"$f":"VLOOKUP('Data Sheet'!F44,CalcViscosity,2)","v":{"$error":"#N/A"}},null,"<-Viscosity @ OP","cST"]
[]
[]
[]
[]
[]
[]
[]
[]
[]
[]
[]
[]
[]
[]
[]
[]
[]
[null,null,null,{"$f":"IF(B45=\"Horizontal\",\"<- Left Gasket Style\",\"<- Top Gasket Style\")","v":"<- Top Gasket Style"},null,null,null,null,{"$f":"IF(B45=\"Horizontal\",\"<- Right Gasket Style\",\"<- Btm Gasket Style\")","v":"<- Btm Gasket Style"}]
[null,null,null,{"$f":"IF(B45=\"Horizontal\",\"<- Left Gasket Matl\",\"<- Top Gasket Matl\")","v":"<- Top Gasket Matl"},null,null,null,null,{"$f":"IF(B45=\"Horizontal\",\"<- Right Gasket Matl\",\"<- Btm Gasket Matl\")","v":"<- Btm Gasket Matl"}]